{"id":19940,"date":"2021-09-03T21:01:10","date_gmt":"2021-09-03T21:01:10","guid":{"rendered":"https:\/\/koroglucivata.com\/?post_type=product&#038;p=19940"},"modified":"2021-09-03T21:01:13","modified_gmt":"2021-09-03T21:01:13","slug":"0530-yarim-ay-anahtar-yildiz-iki-agiz-mm","status":"publish","type":"product","link":"https:\/\/korogluhirdavat.com.tr\/?product=0530-yarim-ay-anahtar-yildiz-iki-agiz-mm","title":{"rendered":"0530 Yar\u0131m Ay Anahtar Y\u0131ld\u0131z \u0130ki A\u011f\u0131z (mm)"},"content":{"rendered":"<table border=\"0\" width=\"100%\" cellspacing=\"2\" cellpadding=\"2\">\n<tbody>\n<tr>\n<td align=\"center\" bgcolor=\"#cecfd1\">KOD<\/td>\n<td align=\"center\" bgcolor=\"#cecfd1\"><img loading=\"lazy\" decoding=\"async\" src=\"https:\/\/www.izeltas.com.tr\/izeltascomtr\/upl\/Image\/altigen.jpg\" alt=\"\" width=\"34\" height=\"34\" \/><\/td>\n<td align=\"center\" bgcolor=\"#cecfd1\"><img loading=\"lazy\" decoding=\"async\" src=\"https:\/\/www.izeltas.com.tr\/izeltascomtr\/upl\/Image\/L.jpg\" alt=\"\" width=\"34\" height=\"34\" \/><\/td>\n<td align=\"center\" bgcolor=\"#cecfd1\"><img loading=\"lazy\" decoding=\"async\" src=\"https:\/\/www.izeltas.com.tr\/izeltascomtr\/upl\/Image\/a1.jpg\" alt=\"\" width=\"34\" height=\"34\" \/><\/td>\n<td align=\"center\" bgcolor=\"#cecfd1\"><img loading=\"lazy\" decoding=\"async\" src=\"https:\/\/www.izeltas.com.tr\/izeltascomtr\/upl\/Image\/b1.jpg\" alt=\"\" width=\"34\" height=\"34\" \/><\/td>\n<td align=\"center\" bgcolor=\"#cecfd1\"><img loading=\"lazy\" decoding=\"async\" src=\"https:\/\/www.izeltas.com.tr\/izeltascomtr\/upl\/Image\/b2.jpg\" alt=\"\" width=\"34\" height=\"34\" \/><\/td>\n<td align=\"center\" bgcolor=\"#cecfd1\"><img loading=\"lazy\" decoding=\"async\" src=\"https:\/\/www.izeltas.com.tr\/izeltascomtr\/upl\/Image\/terazi_G.jpg\" alt=\"\" width=\"34\" height=\"34\" \/><\/td>\n<td align=\"center\" bgcolor=\"#cecfd1\"><img loading=\"lazy\" decoding=\"async\" src=\"https:\/\/www.izeltas.com.tr\/izeltascomtr\/upl\/Image\/kare.jpg\" alt=\"\" width=\"34\" height=\"34\" \/><\/td>\n<\/tr>\n<tr bgcolor=\"#ffffff\">\n<td align=\"center\">0530 04 0810<\/td>\n<td align=\"center\">8&#215;10<\/td>\n<td align=\"center\">120<\/td>\n<td align=\"center\">6<\/td>\n<td align=\"center\">12.5<\/td>\n<td align=\"center\">15.5<\/td>\n<td align=\"center\">30<\/td>\n<td align=\"center\">10<\/td>\n<\/tr>\n<tr bgcolor=\"#e2e3e4\">\n<td align=\"center\">*\u00a00530 04 1011<\/td>\n<td align=\"center\">10&#215;11<\/td>\n<td align=\"center\">150<\/td>\n<td align=\"center\">7<\/td>\n<td align=\"center\">17<\/td>\n<td align=\"center\">20<\/td>\n<td align=\"center\">55<\/td>\n<td align=\"center\">10<\/td>\n<\/tr>\n<tr bgcolor=\"#ffffff\">\n<td align=\"center\">0530 04 1012<\/td>\n<td align=\"center\">10&#215;12<\/td>\n<td align=\"center\">150<\/td>\n<td align=\"center\">7<\/td>\n<td align=\"center\">17<\/td>\n<td align=\"center\">20<\/td>\n<td align=\"center\">55<\/td>\n<td align=\"center\">10<\/td>\n<\/tr>\n<tr bgcolor=\"#e2e3e4\">\n<td align=\"center\">0530 04 1113<\/td>\n<td align=\"center\">11&#215;13<\/td>\n<td align=\"center\">150<\/td>\n<td align=\"center\">7<\/td>\n<td align=\"center\">17<\/td>\n<td align=\"center\">20<\/td>\n<td align=\"center\">55<\/td>\n<td align=\"center\">10<\/td>\n<\/tr>\n<tr bgcolor=\"#ffffff\">\n<td align=\"center\">0530 04 1315<\/td>\n<td align=\"center\">13&#215;15<\/td>\n<td align=\"center\">185<\/td>\n<td align=\"center\">9<\/td>\n<td align=\"center\">21.5<\/td>\n<td align=\"center\">26<\/td>\n<td align=\"center\">110<\/td>\n<td align=\"center\">10<\/td>\n<\/tr>\n<tr bgcolor=\"#e2e3e4\">\n<td align=\"center\">0530 04 1317<\/td>\n<td align=\"center\">13&#215;17<\/td>\n<td align=\"center\">185<\/td>\n<td align=\"center\">9<\/td>\n<td align=\"center\">21.5<\/td>\n<td align=\"center\">26<\/td>\n<td align=\"center\">105<\/td>\n<td align=\"center\">10<\/td>\n<\/tr>\n<tr bgcolor=\"#ffffff\">\n<td align=\"center\">0530 04 1417<\/td>\n<td align=\"center\">14&#215;17<\/td>\n<td align=\"center\">185<\/td>\n<td align=\"center\">9<\/td>\n<td align=\"center\">21.5<\/td>\n<td align=\"center\">26<\/td>\n<td align=\"center\">110<\/td>\n<td align=\"center\">10<\/td>\n<\/tr>\n<tr bgcolor=\"#e2e3e4\">\n<td align=\"center\">0530 04 1517<\/td>\n<td align=\"center\">15&#215;17<\/td>\n<td align=\"center\">185<\/td>\n<td align=\"center\">9<\/td>\n<td align=\"center\">21.5<\/td>\n<td align=\"center\">26<\/td>\n<td align=\"center\">100<\/td>\n<td align=\"center\">10<\/td>\n<\/tr>\n<tr bgcolor=\"#ffffff\">\n<td align=\"center\">0530 04 1922<\/td>\n<td align=\"center\">19&#215;22<\/td>\n<td align=\"center\">230<\/td>\n<td align=\"center\">11<\/td>\n<td align=\"center\">29<\/td>\n<td align=\"center\">33<\/td>\n<td align=\"center\">195<\/td>\n<td align=\"center\">10<\/td>\n<\/tr>\n<\/tbody>\n<\/table>\n","protected":false},"excerpt":{"rendered":"<p>KOD 0530 04 0810 8&#215;10 120 6 12.5 15.5 30 10 *\u00a00530 04 1011 10&#215;11 150 7 17 20 55 10 0530 04 1012 10&#215;12 150 7 17 20 55 10 0530 04 1113 11&#215;13 150 7 17 20 55 10 0530 04 1315 13&#215;15 185 9 21.5 26 110 10 0530 04 1317 13&#215;17 [&hellip;]<\/p>\n","protected":false},"featured_media":18201,"comment_status":"closed","ping_status":"closed","template":"","meta":[],"product_brand":[],"product_cat":[260,257],"product_tag":[],"class_list":{"0":"post-19940","1":"product","2":"type-product","3":"status-publish","4":"has-post-thumbnail","6":"product_cat-anahtarlar","7":"product_cat-el-aletleri","9":"first","10":"instock","11":"shipping-taxable","12":"product-type-simple"},"_links":{"self":[{"href":"https:\/\/korogluhirdavat.com.tr\/index.php?rest_route=\/wp\/v2\/product\/19940","targetHints":{"allow":["GET"]}}],"collection":[{"href":"https:\/\/korogluhirdavat.com.tr\/index.php?rest_route=\/wp\/v2\/product"}],"about":[{"href":"https:\/\/korogluhirdavat.com.tr\/index.php?rest_route=\/wp\/v2\/types\/product"}],"replies":[{"embeddable":true,"href":"https:\/\/korogluhirdavat.com.tr\/index.php?rest_route=%2Fwp%2Fv2%2Fcomments&post=19940"}],"wp:featuredmedia":[{"embeddable":true,"href":"https:\/\/korogluhirdavat.com.tr\/index.php?rest_route=\/wp\/v2\/media\/18201"}],"wp:attachment":[{"href":"https:\/\/korogluhirdavat.com.tr\/index.php?rest_route=%2Fwp%2Fv2%2Fmedia&parent=19940"}],"wp:term":[{"taxonomy":"product_brand","embeddable":true,"href":"https:\/\/korogluhirdavat.com.tr\/index.php?rest_route=%2Fwp%2Fv2%2Fproduct_brand&post=19940"},{"taxonomy":"product_cat","embeddable":true,"href":"https:\/\/korogluhirdavat.com.tr\/index.php?rest_route=%2Fwp%2Fv2%2Fproduct_cat&post=19940"},{"taxonomy":"product_tag","embeddable":true,"href":"https:\/\/korogluhirdavat.com.tr\/index.php?rest_route=%2Fwp%2Fv2%2Fproduct_tag&post=19940"}],"curies":[{"name":"wp","href":"https:\/\/api.w.org\/{rel}","templated":true}]}}