{"id":19944,"date":"2021-09-03T21:01:11","date_gmt":"2021-09-03T21:01:11","guid":{"rendered":"https:\/\/koroglucivata.com\/?post_type=product&#038;p=19944"},"modified":"2021-09-03T21:01:14","modified_gmt":"2021-09-03T21:01:14","slug":"0750-yildiz-cakma-anahtar-mm","status":"publish","type":"product","link":"https:\/\/korogluhirdavat.com.tr\/?product=0750-yildiz-cakma-anahtar-mm","title":{"rendered":"0750 Y\u0131ld\u0131z \u00c7akma Anahtar (mm)"},"content":{"rendered":"<table border=\"0\" width=\"100%\" cellspacing=\"2\" cellpadding=\"2\">\n<tbody>\n<tr>\n<td align=\"center\" bgcolor=\"#cccdcf\"><strong>KOD<\/strong><\/td>\n<td align=\"center\" bgcolor=\"#cccdcf\"><img loading=\"lazy\" decoding=\"async\" src=\"https:\/\/www.izeltas.com.tr\/izeltascomtr\/upl\/Image\/altigen.jpg\" alt=\"\" width=\"34\" height=\"34\" \/><\/td>\n<td align=\"center\" bgcolor=\"#cccdcf\"><img loading=\"lazy\" decoding=\"async\" src=\"https:\/\/www.izeltas.com.tr\/izeltascomtr\/upl\/Image\/L.jpg\" alt=\"\" width=\"34\" height=\"34\" \/><\/td>\n<td align=\"center\" bgcolor=\"#cccdcf\"><img loading=\"lazy\" decoding=\"async\" src=\"https:\/\/www.izeltas.com.tr\/izeltascomtr\/upl\/Image\/a1.jpg\" alt=\"\" width=\"34\" height=\"34\" \/><\/td>\n<td align=\"center\" bgcolor=\"#cccdcf\"><img loading=\"lazy\" decoding=\"async\" src=\"https:\/\/www.izeltas.com.tr\/izeltascomtr\/upl\/Image\/b.jpg\" alt=\"\" width=\"34\" height=\"34\" \/><\/td>\n<td align=\"center\" bgcolor=\"#cccdcf\"><img loading=\"lazy\" decoding=\"async\" src=\"https:\/\/www.izeltas.com.tr\/izeltascomtr\/upl\/Image\/terazi_G.jpg\" alt=\"\" width=\"34\" height=\"34\" \/><\/td>\n<td align=\"center\" bgcolor=\"#cccdcf\"><img loading=\"lazy\" decoding=\"async\" src=\"https:\/\/www.izeltas.com.tr\/izeltascomtr\/upl\/Image\/kare.jpg\" alt=\"\" width=\"34\" height=\"34\" \/><\/td>\n<\/tr>\n<tr bgcolor=\"#ffffff\">\n<td align=\"center\">0750 05 0024<\/td>\n<td align=\"center\">24<\/td>\n<td align=\"center\">160<\/td>\n<td align=\"center\">15<\/td>\n<td align=\"center\">42<\/td>\n<td align=\"center\">235<\/td>\n<td align=\"center\">1<\/td>\n<\/tr>\n<tr bgcolor=\"#e2e3e4\">\n<td align=\"center\">0750 05 0027<\/td>\n<td align=\"center\">27<\/td>\n<td align=\"center\">180<\/td>\n<td align=\"center\">16<\/td>\n<td align=\"center\">46<\/td>\n<td align=\"center\">325<\/td>\n<td align=\"center\">1<\/td>\n<\/tr>\n<tr bgcolor=\"#ffffff\">\n<td align=\"center\">0750 05 0030<\/td>\n<td align=\"center\">30<\/td>\n<td align=\"center\">190<\/td>\n<td align=\"center\">17<\/td>\n<td align=\"center\">52<\/td>\n<td align=\"center\">435<\/td>\n<td align=\"center\">1<\/td>\n<\/tr>\n<tr bgcolor=\"#e2e3e4\">\n<td align=\"center\">0750 05 0032<\/td>\n<td align=\"center\">32<\/td>\n<td align=\"center\">190<\/td>\n<td align=\"center\">17<\/td>\n<td align=\"center\">52<\/td>\n<td align=\"center\">425<\/td>\n<td align=\"center\">1<\/td>\n<\/tr>\n<tr bgcolor=\"#ffffff\">\n<td align=\"center\">0750 05 0036<\/td>\n<td align=\"center\">36<\/td>\n<td align=\"center\">205<\/td>\n<td align=\"center\">19<\/td>\n<td align=\"center\">59<\/td>\n<td align=\"center\">550<\/td>\n<td align=\"center\">1<\/td>\n<\/tr>\n<tr bgcolor=\"#e2e3e4\">\n<td align=\"center\">0750 05 0038<\/td>\n<td align=\"center\">38<\/td>\n<td align=\"center\">205<\/td>\n<td align=\"center\">19<\/td>\n<td align=\"center\">59<\/td>\n<td align=\"center\">530<\/td>\n<td align=\"center\">1<\/td>\n<\/tr>\n<tr bgcolor=\"#ffffff\">\n<td align=\"center\">0750 05 0041<\/td>\n<td align=\"center\">41<\/td>\n<td align=\"center\">225<\/td>\n<td align=\"center\">20<\/td>\n<td align=\"center\">64<\/td>\n<td align=\"center\">730<\/td>\n<td align=\"center\">1<\/td>\n<\/tr>\n<tr bgcolor=\"#e2e3e4\">\n<td align=\"center\">0750 05 0042<\/td>\n<td align=\"center\">42<\/td>\n<td align=\"center\">225<\/td>\n<td align=\"center\">20<\/td>\n<td align=\"center\">64<\/td>\n<td align=\"center\">700<\/td>\n<td align=\"center\">1<\/td>\n<\/tr>\n<tr bgcolor=\"#ffffff\">\n<td align=\"center\">0750 05 0046<\/td>\n<td align=\"center\">46<\/td>\n<td align=\"center\">240<\/td>\n<td align=\"center\">22<\/td>\n<td align=\"center\">73<\/td>\n<td align=\"center\">970<\/td>\n<td align=\"center\">1<\/td>\n<\/tr>\n<tr bgcolor=\"#e2e3e4\">\n<td align=\"center\">0750 05 0047<\/td>\n<td align=\"center\">47<\/td>\n<td align=\"center\">240<\/td>\n<td align=\"center\">22<\/td>\n<td align=\"center\">73<\/td>\n<td align=\"center\">930<\/td>\n<td align=\"center\">1<\/td>\n<\/tr>\n<tr bgcolor=\"#ffffff\">\n<td align=\"center\">0750 05 0050<\/td>\n<td align=\"center\">50<\/td>\n<td align=\"center\">255<\/td>\n<td align=\"center\">23<\/td>\n<td align=\"center\">78<\/td>\n<td align=\"center\">1160<\/td>\n<td align=\"center\">1<\/td>\n<\/tr>\n<tr bgcolor=\"#e2e3e4\">\n<td align=\"center\">0750 05 0055<\/td>\n<td align=\"center\">55<\/td>\n<td align=\"center\">272<\/td>\n<td align=\"center\">25<\/td>\n<td align=\"center\">88<\/td>\n<td align=\"center\">1520<\/td>\n<td align=\"center\">1<\/td>\n<\/tr>\n<tr bgcolor=\"#ffffff\">\n<td align=\"center\">0750 05 0060<\/td>\n<td align=\"center\">60<\/td>\n<td align=\"center\">272<\/td>\n<td align=\"center\">25<\/td>\n<td align=\"center\">88<\/td>\n<td align=\"center\">1460<\/td>\n<td align=\"center\">1<\/td>\n<\/tr>\n<tr bgcolor=\"#e2e3e4\">\n<td align=\"center\">0750 05 0065<\/td>\n<td align=\"center\">65<\/td>\n<td align=\"center\">300<\/td>\n<td align=\"center\">28<\/td>\n<td align=\"center\">100<\/td>\n<td align=\"center\">2025<\/td>\n<td align=\"center\">1<\/td>\n<\/tr>\n<tr bgcolor=\"#ffffff\">\n<td align=\"center\">0750 05 0070<\/td>\n<td align=\"center\">70<\/td>\n<td align=\"center\">330<\/td>\n<td align=\"center\">32<\/td>\n<td align=\"center\">109<\/td>\n<td align=\"center\">2890<\/td>\n<td align=\"center\">1<\/td>\n<\/tr>\n<tr bgcolor=\"#e2e3e4\">\n<td align=\"center\">0750 05 0075<\/td>\n<td align=\"center\">75<\/td>\n<td align=\"center\">330<\/td>\n<td align=\"center\">32<\/td>\n<td align=\"center\">109<\/td>\n<td align=\"center\">2755<\/td>\n<td align=\"center\">1<\/td>\n<\/tr>\n<tr bgcolor=\"#ffffff\">\n<td align=\"center\">0750 05 0080<\/td>\n<td align=\"center\">80<\/td>\n<td align=\"center\">360<\/td>\n<td align=\"center\">35<\/td>\n<td align=\"center\">123<\/td>\n<td align=\"center\">4000<\/td>\n<td align=\"center\">1<\/td>\n<\/tr>\n<tr bgcolor=\"#e2e3e4\">\n<td align=\"center\">0750 05 0085<\/td>\n<td align=\"center\">85<\/td>\n<td align=\"center\">360<\/td>\n<td align=\"center\">35<\/td>\n<td align=\"center\">123<\/td>\n<td align=\"center\">3620<\/td>\n<td align=\"center\">1<\/td>\n<\/tr>\n<tr bgcolor=\"#ffffff\">\n<td align=\"center\">0750 05 0090<\/td>\n<td align=\"center\">90<\/td>\n<td align=\"center\">390<\/td>\n<td align=\"center\">40<\/td>\n<td align=\"center\">142<\/td>\n<td align=\"center\">5465<\/td>\n<td align=\"center\">1<\/td>\n<\/tr>\n<tr bgcolor=\"#e2e3e4\">\n<td align=\"center\">0750 05 0095<\/td>\n<td align=\"center\">95<\/td>\n<td align=\"center\">390<\/td>\n<td align=\"center\">40<\/td>\n<td align=\"center\">142<\/td>\n<td align=\"center\">5250<\/td>\n<td align=\"center\">1<\/td>\n<\/tr>\n<tr bgcolor=\"#ffffff\">\n<td align=\"center\">0750 05 0100<\/td>\n<td align=\"center\">100<\/td>\n<td align=\"center\">420<\/td>\n<td align=\"center\">44<\/td>\n<td align=\"center\">152<\/td>\n<td align=\"center\">6755<\/td>\n<td align=\"center\">1<\/td>\n<\/tr>\n<tr bgcolor=\"#e2e3e4\">\n<td align=\"center\">0750 05 0105<\/td>\n<td align=\"center\">105<\/td>\n<td align=\"center\">420<\/td>\n<td align=\"center\">44<\/td>\n<td align=\"center\">152<\/td>\n<td align=\"center\">6445<\/td>\n<td align=\"center\">1<\/td>\n<\/tr>\n<tr bgcolor=\"#ffffff\">\n<td align=\"center\">0750 05 0110<\/td>\n<td align=\"center\">110<\/td>\n<td align=\"center\">450<\/td>\n<td align=\"center\">46<\/td>\n<td align=\"center\">165<\/td>\n<td align=\"center\">8500<\/td>\n<td align=\"center\">1<\/td>\n<\/tr>\n<tr bgcolor=\"#e2e3e4\">\n<td align=\"center\">0750 05 0115<\/td>\n<td align=\"center\">115<\/td>\n<td align=\"center\">450<\/td>\n<td align=\"center\">46<\/td>\n<td align=\"center\">165<\/td>\n<td align=\"center\">8460<\/td>\n<td align=\"center\">1<\/td>\n<\/tr>\n<tr bgcolor=\"#ffffff\">\n<td align=\"center\">\u00a00750 05 0120<\/td>\n<td align=\"center\">120<\/td>\n<td align=\"center\">480<\/td>\n<td align=\"center\">48<\/td>\n<td align=\"center\">185<\/td>\n<td align=\"center\">11425<\/td>\n<td align=\"center\">1<\/td>\n<\/tr>\n<tr>\n<td align=\"center\" bgcolor=\"#e2e3e4\">*0700 05 0125<\/td>\n<td align=\"center\" bgcolor=\"#e2e3e4\">125<\/td>\n<td align=\"center\" bgcolor=\"#e2e3e4\">543<\/td>\n<td align=\"center\" bgcolor=\"#e2e3e4\">54<\/td>\n<td align=\"center\" bgcolor=\"#e2e3e4\">254<\/td>\n<td align=\"center\" bgcolor=\"#e2e3e4\">17250<\/td>\n<td align=\"center\" bgcolor=\"#e2e3e4\">1<\/td>\n<\/tr>\n<tr bgcolor=\"#ffffff\">\n<td align=\"center\">*0700 05 0130<\/td>\n<td align=\"center\">130<\/td>\n<td align=\"center\">570<\/td>\n<td align=\"center\">55<\/td>\n<td align=\"center\">275<\/td>\n<td align=\"center\">20000<\/td>\n<td align=\"center\">1<\/td>\n<\/tr>\n<tr>\n<td align=\"center\" bgcolor=\"#e2e3e4\">*0700 05 0135<\/td>\n<td align=\"center\" bgcolor=\"#e2e3e4\">135<\/td>\n<td align=\"center\" bgcolor=\"#e2e3e4\">570<\/td>\n<td align=\"center\" bgcolor=\"#e2e3e4\">55<\/td>\n<td align=\"center\" bgcolor=\"#e2e3e4\">275<\/td>\n<td align=\"center\" bgcolor=\"#e2e3e4\">19700<\/td>\n<td align=\"center\" bgcolor=\"#e2e3e4\">1<\/td>\n<\/tr>\n<tr bgcolor=\"#ffffff\">\n<td align=\"center\">*0700 05 0140<\/td>\n<td align=\"center\">140<\/td>\n<td align=\"center\">570<\/td>\n<td align=\"center\">55<\/td>\n<td align=\"center\">275<\/td>\n<td align=\"center\">19400<\/td>\n<td align=\"center\">1<\/td>\n<\/tr>\n<tr>\n<td align=\"center\" bgcolor=\"#e2e3e4\">*0700 05 0145<\/td>\n<td align=\"center\" bgcolor=\"#e2e3e4\">145<\/td>\n<td align=\"center\" bgcolor=\"#e2e3e4\">640<\/td>\n<td align=\"center\" bgcolor=\"#e2e3e4\">60<\/td>\n<td align=\"center\" bgcolor=\"#e2e3e4\">307<\/td>\n<td align=\"center\" bgcolor=\"#e2e3e4\">28000<\/td>\n<td align=\"center\" bgcolor=\"#e2e3e4\">1<\/td>\n<\/tr>\n<tr bgcolor=\"#ffffff\">\n<td align=\"center\">*0700 05 0150<\/td>\n<td align=\"center\">150<\/td>\n<td align=\"center\">640<\/td>\n<td align=\"center\">60<\/td>\n<td align=\"center\">307<\/td>\n<td align=\"center\">27600<\/td>\n<td align=\"center\">1<\/td>\n<\/tr>\n<\/tbody>\n<\/table>\n","protected":false},"excerpt":{"rendered":"<p>KOD 0750 05 0024 24 160 15 42 235 1 0750 05 0027 27 180 16 46 325 1 0750 05 0030 30 190 17 52 435 1 0750 05 0032 32 190 17 52 425 1 0750 05 0036 36 205 19 59 550 1 0750 05 0038 38 205 19 59 530 1 [&hellip;]<\/p>\n","protected":false},"featured_media":18205,"comment_status":"closed","ping_status":"closed","template":"","meta":[],"product_brand":[],"product_cat":[260,257],"product_tag":[],"class_list":{"0":"post-19944","1":"product","2":"type-product","3":"status-publish","4":"has-post-thumbnail","6":"product_cat-anahtarlar","7":"product_cat-el-aletleri","9":"first","10":"instock","11":"shipping-taxable","12":"product-type-simple"},"_links":{"self":[{"href":"https:\/\/korogluhirdavat.com.tr\/index.php?rest_route=\/wp\/v2\/product\/19944","targetHints":{"allow":["GET"]}}],"collection":[{"href":"https:\/\/korogluhirdavat.com.tr\/index.php?rest_route=\/wp\/v2\/product"}],"about":[{"href":"https:\/\/korogluhirdavat.com.tr\/index.php?rest_route=\/wp\/v2\/types\/product"}],"replies":[{"embeddable":true,"href":"https:\/\/korogluhirdavat.com.tr\/index.php?rest_route=%2Fwp%2Fv2%2Fcomments&post=19944"}],"wp:featuredmedia":[{"embeddable":true,"href":"https:\/\/korogluhirdavat.com.tr\/index.php?rest_route=\/wp\/v2\/media\/18205"}],"wp:attachment":[{"href":"https:\/\/korogluhirdavat.com.tr\/index.php?rest_route=%2Fwp%2Fv2%2Fmedia&parent=19944"}],"wp:term":[{"taxonomy":"product_brand","embeddable":true,"href":"https:\/\/korogluhirdavat.com.tr\/index.php?rest_route=%2Fwp%2Fv2%2Fproduct_brand&post=19944"},{"taxonomy":"product_cat","embeddable":true,"href":"https:\/\/korogluhirdavat.com.tr\/index.php?rest_route=%2Fwp%2Fv2%2Fproduct_cat&post=19944"},{"taxonomy":"product_tag","embeddable":true,"href":"https:\/\/korogluhirdavat.com.tr\/index.php?rest_route=%2Fwp%2Fv2%2Fproduct_tag&post=19944"}],"curies":[{"name":"wp","href":"https:\/\/api.w.org\/{rel}","templated":true}]}}