{"id":19984,"date":"2021-09-03T21:01:18","date_gmt":"2021-09-03T21:01:18","guid":{"rendered":"https:\/\/koroglucivata.com\/?post_type=product&#038;p=19984"},"modified":"2021-09-03T21:01:23","modified_gmt":"2021-09-03T21:01:23","slug":"5600-keski-zimba-takimi","status":"publish","type":"product","link":"https:\/\/korogluhirdavat.com.tr\/?product=5600-keski-zimba-takimi","title":{"rendered":"5600 Keski Z\u0131mba Tak\u0131m\u0131"},"content":{"rendered":"<table border=\"0\" width=\"100%\" cellspacing=\"2\" cellpadding=\"2\">\n<tbody>\n<tr bgcolor=\"#cecfd1\">\n<td align=\"center\"><strong>KOD<\/strong><\/td>\n<td align=\"center\"><img loading=\"lazy\" decoding=\"async\" src=\"https:\/\/www.izeltas.com.tr\/izeltascomtr\/upl\/Image\/L.jpg\" alt=\"\" width=\"34\" height=\"34\" \/><\/td>\n<td align=\"center\"><img loading=\"lazy\" decoding=\"async\" src=\"https:\/\/www.izeltas.com.tr\/izeltascomtr\/upl\/Image\/terazi_G.jpg\" alt=\"\" width=\"34\" height=\"34\" \/><\/td>\n<td align=\"center\"><img loading=\"lazy\" decoding=\"async\" src=\"https:\/\/www.izeltas.com.tr\/izeltascomtr\/upl\/Image\/kare.jpg\" alt=\"\" width=\"34\" height=\"34\" \/><\/td>\n<\/tr>\n<tr>\n<td align=\"center\" bgcolor=\"#ffffff\">5600 00 6106<\/td>\n<td align=\"center\">\n<table border=\"0\" width=\"100%\" cellspacing=\"0\" cellpadding=\"0\">\n<tbody>\n<tr>\n<td bgcolor=\"#ffffff\">125 tevsiyeci d\u00fcz keski<\/td>\n<\/tr>\n<tr bgcolor=\"#e2e3e4\">\n<td>150 tevsiyeci d\u00fcz keski<\/td>\n<\/tr>\n<tr>\n<td bgcolor=\"#ffffff\">125 t\u0131rnak keski<\/td>\n<\/tr>\n<tr bgcolor=\"#e2e3e4\">\n<td>4&#215;120 nokta z\u0131mba<\/td>\n<\/tr>\n<tr>\n<td bgcolor=\"#ffffff\">5&#215;150 d\u00fcz pim z\u0131mba<\/td>\n<\/tr>\n<tr bgcolor=\"#e2e3e4\">\n<td>3&#215;120 konik pim z\u0131mba<\/td>\n<\/tr>\n<\/tbody>\n<\/table>\n<\/td>\n<td align=\"center\" bgcolor=\"#ffffff\">865<\/td>\n<td align=\"center\" bgcolor=\"#ffffff\">6<\/td>\n<\/tr>\n<\/tbody>\n<\/table>\n","protected":false},"excerpt":{"rendered":"<p>KOD 5600 00 6106 125 tevsiyeci d\u00fcz keski 150 tevsiyeci d\u00fcz keski 125 t\u0131rnak keski 4&#215;120 nokta z\u0131mba 5&#215;150 d\u00fcz pim z\u0131mba 3&#215;120 konik pim z\u0131mba 865 6<\/p>\n","protected":false},"featured_media":18291,"comment_status":"closed","ping_status":"closed","template":"","meta":[],"product_brand":[],"product_cat":[262,257],"product_tag":[],"class_list":{"0":"post-19984","1":"product","2":"type-product","3":"status-publish","4":"has-post-thumbnail","6":"product_cat-cekicler-ve-keskiler","7":"product_cat-el-aletleri","9":"first","10":"instock","11":"shipping-taxable","12":"product-type-simple"},"_links":{"self":[{"href":"https:\/\/korogluhirdavat.com.tr\/index.php?rest_route=\/wp\/v2\/product\/19984","targetHints":{"allow":["GET"]}}],"collection":[{"href":"https:\/\/korogluhirdavat.com.tr\/index.php?rest_route=\/wp\/v2\/product"}],"about":[{"href":"https:\/\/korogluhirdavat.com.tr\/index.php?rest_route=\/wp\/v2\/types\/product"}],"replies":[{"embeddable":true,"href":"https:\/\/korogluhirdavat.com.tr\/index.php?rest_route=%2Fwp%2Fv2%2Fcomments&post=19984"}],"wp:featuredmedia":[{"embeddable":true,"href":"https:\/\/korogluhirdavat.com.tr\/index.php?rest_route=\/wp\/v2\/media\/18291"}],"wp:attachment":[{"href":"https:\/\/korogluhirdavat.com.tr\/index.php?rest_route=%2Fwp%2Fv2%2Fmedia&parent=19984"}],"wp:term":[{"taxonomy":"product_brand","embeddable":true,"href":"https:\/\/korogluhirdavat.com.tr\/index.php?rest_route=%2Fwp%2Fv2%2Fproduct_brand&post=19984"},{"taxonomy":"product_cat","embeddable":true,"href":"https:\/\/korogluhirdavat.com.tr\/index.php?rest_route=%2Fwp%2Fv2%2Fproduct_cat&post=19984"},{"taxonomy":"product_tag","embeddable":true,"href":"https:\/\/korogluhirdavat.com.tr\/index.php?rest_route=%2Fwp%2Fv2%2Fproduct_tag&post=19984"}],"curies":[{"name":"wp","href":"https:\/\/api.w.org\/{rel}","templated":true}]}}