{"id":20011,"date":"2021-09-03T21:01:27","date_gmt":"2021-09-03T21:01:27","guid":{"rendered":"https:\/\/koroglucivata.com\/?post_type=product&#038;p=20011"},"modified":"2021-09-03T21:01:29","modified_gmt":"2021-09-03T21:01:29","slug":"8235-partner-serisi-takim-dolabi-5-cekmeceli","status":"publish","type":"product","link":"https:\/\/korogluhirdavat.com.tr\/?product=8235-partner-serisi-takim-dolabi-5-cekmeceli","title":{"rendered":"8235 Partner Serisi Tak\u0131m Dolab\u0131 (5 \u00c7ekmeceli)"},"content":{"rendered":"<table border=\"0\" width=\"100%\" cellspacing=\"1\" cellpadding=\"1\">\n<tbody>\n<tr>\n<td bgcolor=\"#cccccc\"><strong>KOD<\/strong><\/td>\n<td bgcolor=\"#cccccc\"><strong>\u00c7EKMECE<\/strong><\/td>\n<td bgcolor=\"#cccccc\"><img loading=\"lazy\" decoding=\"async\" src=\"https:\/\/www.izeltas.com.tr\/upl\/35kg(1).png\" alt=\"\" width=\"65\" height=\"38\" \/><\/td>\n<td bgcolor=\"#cccccc\"><img loading=\"lazy\" decoding=\"async\" src=\"https:\/\/www.izeltas.com.tr\/upl\/45kg(7).png\" alt=\"\" width=\"65\" height=\"38\" \/><\/td>\n<td bgcolor=\"#cccccc\"><img loading=\"lazy\" decoding=\"async\" src=\"https:\/\/www.izeltas.com.tr\/upl\/terazi_G(2)(3).jpg\" alt=\"\" width=\"34\" height=\"34\" \/><\/td>\n<td bgcolor=\"#cccccc\"><strong>RENK<\/strong><\/td>\n<\/tr>\n<tr>\n<td>\u00a08235 32 6005<\/td>\n<td>\u00a05<\/td>\n<td>3x<\/td>\n<td>2x<\/td>\n<td>56<\/td>\n<td bgcolor=\"#ffffff\">\u00a0<img loading=\"lazy\" decoding=\"async\" src=\"https:\/\/www.izeltas.com.tr\/upl\/ral3020.jpg\" alt=\"\" width=\"54\" height=\"54\" \/><\/td>\n<\/tr>\n<tr>\n<td bgcolor=\"#cccccc\">\u00a08235 32 7005<\/td>\n<td bgcolor=\"#cccccc\">5<\/td>\n<td bgcolor=\"#cccccc\">3x<\/td>\n<td bgcolor=\"#cccccc\">2x<\/td>\n<td bgcolor=\"#cccccc\">56<\/td>\n<td bgcolor=\"#ffffff\">\u00a0<img loading=\"lazy\" decoding=\"async\" src=\"https:\/\/www.izeltas.com.tr\/upl\/ral%205003.jpg\" alt=\"\" width=\"54\" height=\"54\" \/><\/td>\n<\/tr>\n<tr>\n<td>8235 32 5005<\/td>\n<td>5<\/td>\n<td>3x<\/td>\n<td>2x<\/td>\n<td>56<\/td>\n<td bgcolor=\"#ffffff\">\u00a0<img loading=\"lazy\" decoding=\"async\" src=\"https:\/\/www.izeltas.com.tr\/upl\/ral%209005(1).png\" alt=\"\" width=\"54\" height=\"54\" \/><\/td>\n<\/tr>\n<tr>\n<td bgcolor=\"#cccccc\">8235 00 6121<\/p>\n<p>Dolu<\/p>\n<p>121 Par\u00e7a<\/td>\n<td bgcolor=\"#cccccc\">5<\/td>\n<td bgcolor=\"#cccccc\">\u00a03x<\/td>\n<td bgcolor=\"#cccccc\">2x<\/td>\n<td bgcolor=\"#cccccc\"><\/td>\n<td bgcolor=\"#cccccc\"><\/td>\n<\/tr>\n<\/tbody>\n<\/table>\n<table border=\"0\" width=\"100%\" cellspacing=\"1\" cellpadding=\"1\">\n<tbody>\n<tr>\n<td bgcolor=\"#999999\"><strong>1.Partner Seri \u00c7ekmece<\/strong><\/td>\n<td bgcolor=\"#999999\"><strong>Kod: 8235 00 1072<\/strong><\/td>\n<td bgcolor=\"#999999\"><\/td>\n<td bgcolor=\"#999999\"><\/td>\n<td bgcolor=\"#999999\"><\/td>\n<\/tr>\n<tr>\n<td bgcolor=\"#cccccc\"><strong>KOD<\/strong><\/td>\n<td bgcolor=\"#cccccc\"><\/td>\n<td bgcolor=\"#cccccc\"><strong>LOKMALAR<\/strong><\/td>\n<td bgcolor=\"#cccccc\"><strong>AVADANLIKLAR<\/strong><\/td>\n<td bgcolor=\"#cccccc\">\u00a0<img loading=\"lazy\" decoding=\"async\" src=\"https:\/\/www.izeltas.com.tr\/izeltascomtr\/upl\/Image\/kare.jpg\" alt=\"\" width=\"34\" height=\"34\" \/><\/td>\n<\/tr>\n<tr>\n<td rowspan=\"7\">\u00a01107<\/td>\n<td rowspan=\"7\"><\/td>\n<td rowspan=\"7\">\u00a04-5-6-7-8-9-10-11-12-13<br \/>\n<strong>\u00a0Alt\u0131 K\u00f6\u015fe<\/strong><\/p>\n<p>8-10<br \/>\n<strong>Sekiz K\u00f6\u015fe<br \/>\n<\/strong><\/td>\n<td>1\/4&#8243; Karb\u00fcrat\u00f6r Lokma Tak\u0131m\u0131<\/td>\n<td rowspan=\"7\">\u00a018<\/td>\n<\/tr>\n<tr>\n<td bgcolor=\"#cccccc\">1\/4&#8243; C\u0131rc\u0131r Kolu<\/td>\n<td bgcolor=\"#cccccc\"><\/td>\n<\/tr>\n<tr>\n<td>\u00a01\/4&#8243; Mafsal<\/td>\n<td><\/td>\n<\/tr>\n<tr>\n<td bgcolor=\"#cccccc\">\u00a01\/4&#8243; T Kol<\/td>\n<td bgcolor=\"#cccccc\"><\/td>\n<\/tr>\n<tr>\n<td>\u00a01\/4&#8243; Ara Kol 50 mm<\/td>\n<td><\/td>\n<\/tr>\n<tr>\n<td bgcolor=\"#cccccc\">\u00a01\/4&#8243; Ara Kol 100 mm<\/td>\n<td bgcolor=\"#cccccc\"><\/td>\n<\/tr>\n<tr>\n<td>\u00a01\/4&#8243; Mafsall\u0131 Kol<\/td>\n<td><\/td>\n<\/tr>\n<tr>\n<td bgcolor=\"#cccccc\">\u00a0<strong>KOD<\/strong><\/td>\n<td bgcolor=\"#cccccc\"><\/td>\n<td bgcolor=\"#cccccc\"><strong>LOKMALAR<\/strong><\/td>\n<td bgcolor=\"#cccccc\"><strong>AVADANLIKLAR<\/strong><\/td>\n<td bgcolor=\"#cccccc\"><img loading=\"lazy\" decoding=\"async\" src=\"https:\/\/www.izeltas.com.tr\/izeltascomtr\/upl\/Image\/kare.jpg\" alt=\"\" width=\"34\" height=\"34\" \/><\/td>\n<\/tr>\n<tr>\n<td rowspan=\"6\">\u00a01113<\/td>\n<td rowspan=\"6\"><\/td>\n<td rowspan=\"6\">\u00a010-11-12-13-14-15-16-17-18<br \/>\n-19-21-22-23-24-26-27-28-30-32<\/td>\n<td>1\/2&#8243; Lokma Tak\u0131m\u0131<\/td>\n<td rowspan=\"6\">\u00a024<\/td>\n<\/tr>\n<tr>\n<td bgcolor=\"#cccccc\">1\/2&#8243; C\u0131rc\u0131r Kolu<\/td>\n<td bgcolor=\"#cccccc\"><\/td>\n<\/tr>\n<tr>\n<td>1\/2&#8243; Mafsal<\/td>\n<td><\/td>\n<\/tr>\n<tr>\n<td bgcolor=\"#cccccc\">1\/2&#8243; T Kol<\/td>\n<td bgcolor=\"#cccccc\"><\/td>\n<\/tr>\n<tr>\n<td>1\/2&#8243; Ara Kol 125 mm<\/td>\n<td><\/td>\n<\/tr>\n<tr>\n<td bgcolor=\"#cccccc\">\u00a01\/2&#8243; Ara Kol 250 mm<\/td>\n<td bgcolor=\"#cccccc\"><\/td>\n<\/tr>\n<tr>\n<td bgcolor=\"#cccccc\"><strong>KOD<\/strong><\/td>\n<td bgcolor=\"#cccccc\"><\/td>\n<td colspan=\"2\" bgcolor=\"#cccccc\"><strong>\u0130\u00c7ER\u0130K \u00a0<\/strong><\/td>\n<td bgcolor=\"#cccccc\">\u00a0<img loading=\"lazy\" decoding=\"async\" src=\"https:\/\/www.izeltas.com.tr\/izeltascomtr\/upl\/Image\/kare.jpg\" alt=\"\" width=\"34\" height=\"34\" \/><\/td>\n<\/tr>\n<tr>\n<td>\u00a01507<\/td>\n<td><\/td>\n<td colspan=\"2\">1\/4&#8243; Derin Lokma Tornavida Adapt\u00f6r\u00fc<\/td>\n<td>1<\/td>\n<\/tr>\n<tr>\n<td>\u00a04900<\/td>\n<td><\/td>\n<td colspan=\"2\">12&#8217;li Allen Anahtar Tak\u0131m\u0131<\/p>\n<p>2-2.5-3-3.5-4-5-6-7-8-9-19-12 mm<\/td>\n<td>12<\/td>\n<\/tr>\n<tr>\n<td>\u00a04910<\/td>\n<td><\/td>\n<td colspan=\"2\">8&#8217;li Torx Allen Anahtar Tak\u0131m\u0131<\/td>\n<td>8<\/td>\n<\/tr>\n<tr>\n<td>1108<\/td>\n<td><\/td>\n<td colspan=\"2\">1\/2&#8243; Alt\u0131 K\u00f6\u015fe Derin Lokma<\/p>\n<p>10-13-16-17-18-19 mm<\/td>\n<td>6<\/td>\n<\/tr>\n<tr>\n<td>1113<\/td>\n<td><\/td>\n<td colspan=\"2\">1\/2&#8243; 16 mm Buji Lokma Anahtar<\/td>\n<td>1<\/td>\n<\/tr>\n<tr>\n<td>\u00a0 2400<\/td>\n<td><\/td>\n<td colspan=\"2\">240 mm \u00dcniversal Fort Pense<\/td>\n<td>1<\/td>\n<\/tr>\n<tr>\n<td>2500<\/td>\n<td><\/td>\n<td colspan=\"2\">250 mm \u00dcniversal Ayarl\u0131 Pense<\/td>\n<td>1<\/td>\n<\/tr>\n<tr>\n<td><\/td>\n<td><\/td>\n<td colspan=\"2\"><\/td>\n<td><\/td>\n<\/tr>\n<tr>\n<td bgcolor=\"#999999\"><strong>\u00a02.<\/strong><strong>Partner Seri \u00c7ekmece<\/strong><\/td>\n<td bgcolor=\"#999999\"><strong>Kod: 8235 00 2031<\/strong><\/td>\n<td colspan=\"2\" bgcolor=\"#999999\"><\/td>\n<td bgcolor=\"#999999\"><\/td>\n<\/tr>\n<tr>\n<td bgcolor=\"#cccccc\">\u00a0<strong>KOD<\/strong><\/td>\n<td bgcolor=\"#cccccc\"><\/td>\n<td colspan=\"2\" bgcolor=\"#cccccc\">\u00a0<strong>\u0130\u00c7ER\u0130K \u00a0<\/strong><\/td>\n<td bgcolor=\"#cccccc\"><img loading=\"lazy\" decoding=\"async\" src=\"https:\/\/www.izeltas.com.tr\/izeltascomtr\/upl\/Image\/kare.jpg\" alt=\"\" width=\"34\" height=\"34\" \/><\/td>\n<\/tr>\n<tr>\n<td>\u00a00100<\/td>\n<td><\/td>\n<td colspan=\"2\"><strong>0100 \u0130ki A\u011f\u0131z Anahtar<\/strong><\/p>\n<p>6&#215;7 &#8211; 8&#215;9 &#8211; 10&#215;11 &#8211; 12&#215;13 &#8211; 14&#215;15 &#8211; 16&#215;17 &#8211; 18&#215;19 &#8211;<\/p>\n<p>20&#215;22 &#8211; 21&#215;23 &#8211; 24&#215;26 &#8211; 25&#215;28 &#8211; 30&#215;32<\/td>\n<td>\u00a012<\/td>\n<\/tr>\n<tr>\n<td bgcolor=\"#cccccc\">\u00a00320<\/td>\n<td bgcolor=\"#cccccc\"><\/td>\n<td colspan=\"2\" bgcolor=\"#cccccc\"><strong>0320 Kombine Anahtar<\/strong><\/p>\n<p>8 &#8211; 9 &#8211; 10 &#8211; 11 &#8211; 12 &#8211; 13 &#8211; 14 &#8211; 15 &#8211;<\/p>\n<p>16 &#8211; 17 &#8211; 19 &#8211; 22<\/td>\n<td bgcolor=\"#cccccc\">\u00a012<\/td>\n<\/tr>\n<tr>\n<td bgcolor=\"#ffffff\">0430<\/td>\n<td bgcolor=\"#ffffff\"><\/td>\n<td colspan=\"2\" bgcolor=\"#ffffff\"><strong>0430 Y\u0131ld\u0131z Anahtar<\/strong><\/p>\n<p>8&#215;9 &#8211; 10&#215;11 &#8211; 12&#215;13 &#8211; 14&#215;15 &#8211; 16&#215;17 &#8211;<\/p>\n<p>18&#215;19 &#8211; 20&#215;22<\/td>\n<td bgcolor=\"#ffffff\">7<\/td>\n<\/tr>\n<tr>\n<td colspan=\"4\" bgcolor=\"#999999\"><strong>3.<\/strong><strong>Partner Seri \u00c7ekmece<\/strong>\u00a0 \u00a0 \u00a0\u00a0<strong>\u00a0Kod: 8235 00 3017<\/strong><\/td>\n<td colspan=\"4\" bgcolor=\"#999999\"><\/td>\n<\/tr>\n<tr>\n<td bgcolor=\"#cccccc\"><strong>KOD\u00a0<\/strong><\/td>\n<td bgcolor=\"#cccccc\"><\/td>\n<td colspan=\"2\" bgcolor=\"#cccccc\"><strong>\u0130\u00c7ER\u0130K\u00a0<\/strong><\/td>\n<td bgcolor=\"#cccccc\">\u00a0<img loading=\"lazy\" decoding=\"async\" src=\"https:\/\/www.izeltas.com.tr\/izeltascomtr\/upl\/Image\/kare.jpg\" alt=\"\" width=\"34\" height=\"34\" \/><\/td>\n<\/tr>\n<tr>\n<td bgcolor=\"#ffffff\">4300<\/td>\n<td bgcolor=\"#ffffff\"><\/td>\n<td colspan=\"2\" bgcolor=\"#ffffff\"><strong>\u00a0Rod Seri D\u00fcz U\u00e7lu Tornavida<\/strong><\/p>\n<p>3&#215;80 &#8211; 4&#215;80 &#8211; 4&#215;100 &#8211; 5&#215;125 &#8211; 6&#215;150<\/td>\n<td bgcolor=\"#ffffff\">\u00a05<\/td>\n<\/tr>\n<tr>\n<td bgcolor=\"#cccccc\">4320<\/td>\n<td bgcolor=\"#cccccc\"><\/td>\n<td colspan=\"2\" bgcolor=\"#cccccc\"><strong>\u00a0Rod Seri Y\u0131ld\u0131z U\u00e7lu Tornavida<\/strong><\/p>\n<p>4.5&#215;80 &#8211; 6&#215;100<\/td>\n<td bgcolor=\"#cccccc\">\u00a02<\/td>\n<\/tr>\n<tr>\n<td bgcolor=\"#ffffff\">3700<\/td>\n<td bgcolor=\"#ffffff\"><\/td>\n<td colspan=\"2\" bgcolor=\"#ffffff\"><strong>Yan Keski Opak<\/strong><\/p>\n<p>160 mm<\/td>\n<td bgcolor=\"#ffffff\">1<\/td>\n<\/tr>\n<tr>\n<td bgcolor=\"#cccccc\">3020<\/td>\n<td bgcolor=\"#cccccc\"><\/td>\n<td colspan=\"2\" bgcolor=\"#cccccc\"><strong>Kombine Pense Opak<\/strong><\/p>\n<p>180 mm<\/td>\n<td bgcolor=\"#cccccc\">1<\/td>\n<\/tr>\n<tr>\n<td bgcolor=\"#ffffff\">3220<\/td>\n<td bgcolor=\"#ffffff\"><\/td>\n<td colspan=\"2\" bgcolor=\"#ffffff\"><strong>D\u00fcz Kargaburun Opak\u00a0<\/strong><\/p>\n<p>200 mm<\/td>\n<td bgcolor=\"#ffffff\">\u00a01<\/td>\n<\/tr>\n<tr>\n<td bgcolor=\"#cccccc\">4770<\/td>\n<td bgcolor=\"#cccccc\"><\/td>\n<td colspan=\"2\" bgcolor=\"#cccccc\"><strong>Lokma U\u00e7lu Tornavida<\/strong><\/p>\n<p>6 &#8211; 7 &#8211; 8 &#8211; 10 -13<\/td>\n<td bgcolor=\"#cccccc\">5<\/td>\n<\/tr>\n<tr>\n<td bgcolor=\"#ffffff\">5500<\/td>\n<td bgcolor=\"#ffffff\"><\/td>\n<td colspan=\"2\" bgcolor=\"#ffffff\"><strong>D\u00fcz Keski\u00a0<\/strong><\/p>\n<p>150 mm<\/td>\n<td bgcolor=\"#ffffff\">1<\/td>\n<\/tr>\n<tr>\n<td bgcolor=\"#cccccc\">5800<\/td>\n<td bgcolor=\"#cccccc\"><\/td>\n<td colspan=\"2\" bgcolor=\"#cccccc\"><strong>\u00c7eki\u00e7\u00a0<\/strong><\/p>\n<p>500 gr.<\/td>\n<td bgcolor=\"#cccccc\">\u00a01<\/td>\n<\/tr>\n<\/tbody>\n<\/table>\n","protected":false},"excerpt":{"rendered":"<p>KOD \u00c7EKMECE RENK \u00a08235 32 6005 \u00a05 3x 2x 56 \u00a0 \u00a08235 32 7005 5 3x 2x 56 \u00a0 8235 32 5005 5 3x 2x 56 \u00a0 8235 00 6121 Dolu 121 Par\u00e7a 5 \u00a03x 2x 1.Partner Seri \u00c7ekmece Kod: 8235 00 1072 KOD LOKMALAR AVADANLIKLAR \u00a0 \u00a01107 \u00a04-5-6-7-8-9-10-11-12-13 \u00a0Alt\u0131 K\u00f6\u015fe 8-10 Sekiz K\u00f6\u015fe 1\/4&#8243; [&hellip;]<\/p>\n","protected":false},"featured_media":18348,"comment_status":"closed","ping_status":"closed","template":"","meta":[],"product_brand":[],"product_cat":[257,264],"product_tag":[],"class_list":{"0":"post-20011","1":"product","2":"type-product","3":"status-publish","4":"has-post-thumbnail","6":"product_cat-el-aletleri","7":"product_cat-takim-dolaplari","9":"first","10":"instock","11":"shipping-taxable","12":"product-type-simple"},"_links":{"self":[{"href":"https:\/\/korogluhirdavat.com.tr\/index.php?rest_route=\/wp\/v2\/product\/20011","targetHints":{"allow":["GET"]}}],"collection":[{"href":"https:\/\/korogluhirdavat.com.tr\/index.php?rest_route=\/wp\/v2\/product"}],"about":[{"href":"https:\/\/korogluhirdavat.com.tr\/index.php?rest_route=\/wp\/v2\/types\/product"}],"replies":[{"embeddable":true,"href":"https:\/\/korogluhirdavat.com.tr\/index.php?rest_route=%2Fwp%2Fv2%2Fcomments&post=20011"}],"wp:featuredmedia":[{"embeddable":true,"href":"https:\/\/korogluhirdavat.com.tr\/index.php?rest_route=\/wp\/v2\/media\/18348"}],"wp:attachment":[{"href":"https:\/\/korogluhirdavat.com.tr\/index.php?rest_route=%2Fwp%2Fv2%2Fmedia&parent=20011"}],"wp:term":[{"taxonomy":"product_brand","embeddable":true,"href":"https:\/\/korogluhirdavat.com.tr\/index.php?rest_route=%2Fwp%2Fv2%2Fproduct_brand&post=20011"},{"taxonomy":"product_cat","embeddable":true,"href":"https:\/\/korogluhirdavat.com.tr\/index.php?rest_route=%2Fwp%2Fv2%2Fproduct_cat&post=20011"},{"taxonomy":"product_tag","embeddable":true,"href":"https:\/\/korogluhirdavat.com.tr\/index.php?rest_route=%2Fwp%2Fv2%2Fproduct_tag&post=20011"}],"curies":[{"name":"wp","href":"https:\/\/api.w.org\/{rel}","templated":true}]}}