{"id":20063,"date":"2021-09-03T21:01:41","date_gmt":"2021-09-03T21:01:41","guid":{"rendered":"https:\/\/koroglucivata.com\/?post_type=product&#038;p=20063"},"modified":"2021-09-03T21:01:44","modified_gmt":"2021-09-03T21:01:44","slug":"1413-1-2-lokma-takimi-oniki-kose-25-parca-sae","status":"publish","type":"product","link":"https:\/\/korogluhirdavat.com.tr\/?product=1413-1-2-lokma-takimi-oniki-kose-25-parca-sae","title":{"rendered":"1413 1\/2&#8243; Lokma Tak\u0131m\u0131 Oniki K\u00f6\u015fe (25 par\u00e7a SAE)"},"content":{"rendered":"<table border=\"0\" width=\"100%\" cellspacing=\"2\" cellpadding=\"2\">\n<tbody>\n<tr>\n<td align=\"center\" bgcolor=\"#cecfd1\" width=\"200\"><strong>KOD<\/strong><\/td>\n<td align=\"center\" bgcolor=\"#cecfd1\" width=\"200\"><strong>Lokmalar<\/strong><\/td>\n<td align=\"center\" bgcolor=\"#cecfd1\" width=\"200\"><strong>Avadanl\u0131klar<\/strong><\/td>\n<td align=\"center\" bgcolor=\"#cecfd1\"><img loading=\"lazy\" decoding=\"async\" src=\"https:\/\/www.izeltas.com.tr\/izeltascomtr\/upl\/Image\/terazi_G.jpg\" alt=\"\" width=\"34\" height=\"34\" \/><\/td>\n<td align=\"center\" bgcolor=\"#cecfd1\"><img loading=\"lazy\" decoding=\"async\" src=\"https:\/\/www.izeltas.com.tr\/izeltascomtr\/upl\/Image\/kare.jpg\" alt=\"\" width=\"34\" height=\"34\" \/><\/td>\n<\/tr>\n<tr>\n<td rowspan=\"6\" align=\"center\" bgcolor=\"#ffffff\">1413 00 6025<\/td>\n<td rowspan=\"6\" align=\"center\" bgcolor=\"#ffffff\">5\/16&#8243;\u00a0 &#8211;\u00a0 3\/8&#8243;\u00a0 &#8211;\u00a0 7\/16&#8243;\u00a0\u00a0 15\/32&#8243;\u00a0 &#8211;\u00a0 1\/2&#8243;\u00a0 &#8211;\u00a0 9\/16&#8243;\u00a0\u00a0 19\/32&#8243;\u00a0 &#8211;\u00a0 5\/8&#8243;\u00a0 &#8211;\u00a0 11\/16&#8243; \u00a0 3\/4&#8243;\u00a0 &#8211;\u00a0 25\/32&#8243;\u00a0 &#8211;\u00a0 13\/16&#8243;\u00a0\u00a0 7\/8&#8243;\u00a0 &#8211;\u00a0 15\/16&#8243;\u00a0 &#8211;\u00a0 1&#8243;\u00a0\u00a0\u00a0\u00a0 1 1\/16&#8243;\u00a0 &#8211;\u00a0\u00a0 1 1\/8&#8243; \u00a0 1 3\/16&#8243;\u00a0\u00a0 &#8211;\u00a0\u00a0\u00a0 1 1\/4&#8243;<\/td>\n<td bgcolor=\"#ffffff\">1\/2&#8243; C\u0131rc\u0131r Kolu<\/td>\n<td rowspan=\"6\" align=\"center\" bgcolor=\"#ffffff\">4150<\/td>\n<td rowspan=\"6\" align=\"center\" bgcolor=\"#ffffff\">25<\/td>\n<\/tr>\n<tr>\n<td bgcolor=\"#e2e3e4\">1\/2&#8243; U Kol<\/td>\n<\/tr>\n<tr>\n<td bgcolor=\"#ffffff\">1\/2&#8243; Mafsal<\/td>\n<\/tr>\n<tr>\n<td bgcolor=\"#e2e3e4\">1\/2&#8243; T Kol<\/td>\n<\/tr>\n<tr>\n<td align=\"center\" bgcolor=\"#ffffff\">1\/2&#8243; Ara Kol\u00a0\u00a0 125mm<\/td>\n<\/tr>\n<tr>\n<td align=\"center\" valign=\"middle\" bgcolor=\"#e2e3e4\">1\/2&#8243; Ara Kol\u00a0\u00a0\u00a0 250 mm<\/td>\n<\/tr>\n<\/tbody>\n<\/table>\n","protected":false},"excerpt":{"rendered":"<p>KOD Lokmalar Avadanl\u0131klar 1413 00 6025 5\/16&#8243;\u00a0 &#8211;\u00a0 3\/8&#8243;\u00a0 &#8211;\u00a0 7\/16&#8243;\u00a0\u00a0 15\/32&#8243;\u00a0 &#8211;\u00a0 1\/2&#8243;\u00a0 &#8211;\u00a0 9\/16&#8243;\u00a0\u00a0 19\/32&#8243;\u00a0 &#8211;\u00a0 5\/8&#8243;\u00a0 &#8211;\u00a0 11\/16&#8243; \u00a0 3\/4&#8243;\u00a0 &#8211;\u00a0 25\/32&#8243;\u00a0 &#8211;\u00a0 13\/16&#8243;\u00a0\u00a0 7\/8&#8243;\u00a0 &#8211;\u00a0 15\/16&#8243;\u00a0 &#8211;\u00a0 1&#8243;\u00a0\u00a0\u00a0\u00a0 1 1\/16&#8243;\u00a0 &#8211;\u00a0\u00a0 1 1\/8&#8243; \u00a0 1 3\/16&#8243;\u00a0\u00a0 &#8211;\u00a0\u00a0\u00a0 1 1\/4&#8243; 1\/2&#8243; C\u0131rc\u0131r Kolu 4150 25 1\/2&#8243; U Kol 1\/2&#8243; Mafsal 1\/2&#8243; T [&hellip;]<\/p>\n","protected":false},"featured_media":18453,"comment_status":"closed","ping_status":"closed","template":"","meta":[],"product_brand":[],"product_cat":[257,265],"product_tag":[],"class_list":{"0":"post-20063","1":"product","2":"type-product","3":"status-publish","4":"has-post-thumbnail","6":"product_cat-el-aletleri","7":"product_cat-lokma-anahtarlar","9":"first","10":"instock","11":"shipping-taxable","12":"product-type-simple"},"_links":{"self":[{"href":"https:\/\/korogluhirdavat.com.tr\/index.php?rest_route=\/wp\/v2\/product\/20063","targetHints":{"allow":["GET"]}}],"collection":[{"href":"https:\/\/korogluhirdavat.com.tr\/index.php?rest_route=\/wp\/v2\/product"}],"about":[{"href":"https:\/\/korogluhirdavat.com.tr\/index.php?rest_route=\/wp\/v2\/types\/product"}],"replies":[{"embeddable":true,"href":"https:\/\/korogluhirdavat.com.tr\/index.php?rest_route=%2Fwp%2Fv2%2Fcomments&post=20063"}],"wp:featuredmedia":[{"embeddable":true,"href":"https:\/\/korogluhirdavat.com.tr\/index.php?rest_route=\/wp\/v2\/media\/18453"}],"wp:attachment":[{"href":"https:\/\/korogluhirdavat.com.tr\/index.php?rest_route=%2Fwp%2Fv2%2Fmedia&parent=20063"}],"wp:term":[{"taxonomy":"product_brand","embeddable":true,"href":"https:\/\/korogluhirdavat.com.tr\/index.php?rest_route=%2Fwp%2Fv2%2Fproduct_brand&post=20063"},{"taxonomy":"product_cat","embeddable":true,"href":"https:\/\/korogluhirdavat.com.tr\/index.php?rest_route=%2Fwp%2Fv2%2Fproduct_cat&post=20063"},{"taxonomy":"product_tag","embeddable":true,"href":"https:\/\/korogluhirdavat.com.tr\/index.php?rest_route=%2Fwp%2Fv2%2Fproduct_tag&post=20063"}],"curies":[{"name":"wp","href":"https:\/\/api.w.org\/{rel}","templated":true}]}}