{"id":20079,"date":"2021-09-03T21:01:43","date_gmt":"2021-09-03T21:01:43","guid":{"rendered":"https:\/\/koroglucivata.com\/?post_type=product&#038;p=20079"},"modified":"2021-09-03T21:01:46","modified_gmt":"2021-09-03T21:01:46","slug":"1119-3-4-alti-kose-havali-lokma-anahtar","status":"publish","type":"product","link":"https:\/\/korogluhirdavat.com.tr\/?product=1119-3-4-alti-kose-havali-lokma-anahtar","title":{"rendered":"1119 3\/4&#8243; Alt\u0131 K\u00f6\u015fe Haval\u0131 Lokma Anahtar"},"content":{"rendered":"<table border=\"0\" width=\"100%\" cellspacing=\"2\" cellpadding=\"2\">\n<tbody>\n<tr>\n<td align=\"center\" bgcolor=\"#cecfd1\"><strong>KOD<\/strong><\/td>\n<td align=\"center\" bgcolor=\"#cecfd1\"><img loading=\"lazy\" decoding=\"async\" src=\"https:\/\/www.izeltas.com.tr\/izeltascomtr\/upl\/Image\/yuvarlakAltigen_mm.jpg\" alt=\"\" width=\"34\" height=\"34\" \/><\/td>\n<td align=\"center\" bgcolor=\"#cecfd1\"><img loading=\"lazy\" decoding=\"async\" src=\"https:\/\/www.izeltas.com.tr\/izeltascomtr\/upl\/Image\/d1.jpg\" alt=\"\" width=\"34\" height=\"34\" \/><\/td>\n<td align=\"center\" bgcolor=\"#cecfd1\"><img loading=\"lazy\" decoding=\"async\" src=\"https:\/\/www.izeltas.com.tr\/izeltascomtr\/upl\/Image\/d2.jpg\" alt=\"\" width=\"34\" height=\"34\" \/><\/td>\n<td align=\"center\" bgcolor=\"#cecfd1\"><img loading=\"lazy\" decoding=\"async\" src=\"https:\/\/www.izeltas.com.tr\/izeltascomtr\/upl\/Image\/L1.jpg\" alt=\"\" width=\"34\" height=\"34\" \/><\/td>\n<td align=\"center\" bgcolor=\"#cecfd1\"><img loading=\"lazy\" decoding=\"async\" src=\"https:\/\/www.izeltas.com.tr\/izeltascomtr\/upl\/Image\/L.jpg\" alt=\"\" width=\"34\" height=\"34\" \/><\/td>\n<td align=\"center\" bgcolor=\"#cecfd1\"><img loading=\"lazy\" decoding=\"async\" src=\"https:\/\/www.izeltas.com.tr\/izeltascomtr\/upl\/Image\/terazi_G.jpg\" alt=\"\" width=\"34\" height=\"34\" \/><\/td>\n<td align=\"center\" bgcolor=\"#cecfd1\"><img loading=\"lazy\" decoding=\"async\" src=\"https:\/\/www.izeltas.com.tr\/izeltascomtr\/upl\/Image\/kare.jpg\" alt=\"\" width=\"34\" height=\"34\" \/><\/td>\n<\/tr>\n<tr bgcolor=\"#ffffff\">\n<td align=\"center\">*\u00a01119 06 7017<\/td>\n<td align=\"center\">17<\/td>\n<td align=\"center\">29<\/td>\n<td align=\"center\">44<\/td>\n<td align=\"center\">12<\/td>\n<td align=\"center\">50<\/td>\n<td align=\"center\">315<\/td>\n<td align=\"center\">5<\/td>\n<\/tr>\n<tr bgcolor=\"#e2e3e4\">\n<td align=\"center\">1119 06 7019<\/td>\n<td align=\"center\">19<\/td>\n<td align=\"center\">32<\/td>\n<td align=\"center\">44<\/td>\n<td align=\"center\">13<\/td>\n<td align=\"center\">50<\/td>\n<td align=\"center\">330<\/td>\n<td align=\"center\">5<\/td>\n<\/tr>\n<tr bgcolor=\"#ffffff\">\n<td align=\"center\">1119 06 7021<\/td>\n<td align=\"center\">21<\/td>\n<td align=\"center\">35<\/td>\n<td align=\"center\">44<\/td>\n<td align=\"center\">15<\/td>\n<td align=\"center\">50<\/td>\n<td align=\"center\">340<\/td>\n<td align=\"center\">5<\/td>\n<\/tr>\n<tr bgcolor=\"#e2e3e4\">\n<td align=\"center\">1119 06 7022<\/td>\n<td align=\"center\">22<\/td>\n<td align=\"center\">36<\/td>\n<td align=\"center\">44<\/td>\n<td align=\"center\">15<\/td>\n<td align=\"center\">50<\/td>\n<td align=\"center\">345<\/td>\n<td align=\"center\">5<\/td>\n<\/tr>\n<tr bgcolor=\"#ffffff\">\n<td align=\"center\">*\u00a01119 06 7023<\/td>\n<td align=\"center\">23<\/td>\n<td align=\"center\">37<\/td>\n<td align=\"center\">44<\/td>\n<td align=\"center\">16<\/td>\n<td align=\"center\">50<\/td>\n<td align=\"center\">350<\/td>\n<td align=\"center\">5<\/td>\n<\/tr>\n<tr bgcolor=\"#e2e3e4\">\n<td align=\"center\">1119 06 7024<\/td>\n<td align=\"center\">24<\/td>\n<td align=\"center\">38<\/td>\n<td align=\"center\">44<\/td>\n<td align=\"center\">16<\/td>\n<td align=\"center\">50<\/td>\n<td align=\"center\">350<\/td>\n<td align=\"center\">5<\/td>\n<\/tr>\n<tr bgcolor=\"#ffffff\">\n<td align=\"center\">1119 06 7027<\/td>\n<td align=\"center\">27<\/td>\n<td align=\"center\">42<\/td>\n<td align=\"center\">44<\/td>\n<td align=\"center\">17<\/td>\n<td align=\"center\">53<\/td>\n<td align=\"center\">380<\/td>\n<td align=\"center\">5<\/td>\n<\/tr>\n<tr bgcolor=\"#e2e3e4\">\n<td align=\"center\">1119 06 7030<\/td>\n<td align=\"center\">30<\/td>\n<td align=\"center\">46<\/td>\n<td align=\"center\">44<\/td>\n<td align=\"center\">20<\/td>\n<td align=\"center\">53<\/td>\n<td align=\"center\">410<\/td>\n<td align=\"center\">1<\/td>\n<\/tr>\n<tr bgcolor=\"#ffffff\">\n<td align=\"center\">1119 06 7032<\/td>\n<td align=\"center\">32<\/td>\n<td align=\"center\">48<\/td>\n<td align=\"center\">44<\/td>\n<td align=\"center\">20<\/td>\n<td align=\"center\">57<\/td>\n<td align=\"center\">460<\/td>\n<td align=\"center\">1<\/td>\n<\/tr>\n<tr bgcolor=\"#e2e3e4\">\n<td align=\"center\">*\u00a01119 06 7033<\/td>\n<td align=\"center\">33<\/td>\n<td align=\"center\">50<\/td>\n<td align=\"center\">44<\/td>\n<td align=\"center\">20<\/td>\n<td align=\"center\">57<\/td>\n<td align=\"center\">480<\/td>\n<td align=\"center\">1<\/td>\n<\/tr>\n<tr bgcolor=\"#ffffff\">\n<td align=\"center\">1119 06 7034<\/td>\n<td align=\"center\">34<\/td>\n<td align=\"center\">51<\/td>\n<td align=\"center\">44<\/td>\n<td align=\"center\">22<\/td>\n<td align=\"center\">57<\/td>\n<td align=\"center\">490<\/td>\n<td align=\"center\">1<\/td>\n<\/tr>\n<tr bgcolor=\"#e2e3e4\">\n<td align=\"center\">*\u00a01119 06 7035<\/td>\n<td align=\"center\">35<\/td>\n<td align=\"center\">52<\/td>\n<td align=\"center\">44<\/td>\n<td align=\"center\">22<\/td>\n<td align=\"center\">57<\/td>\n<td align=\"center\">500<\/td>\n<td align=\"center\">1<\/td>\n<\/tr>\n<tr bgcolor=\"#ffffff\">\n<td align=\"center\">1119 06 7036<\/td>\n<td align=\"center\">36<\/td>\n<td align=\"center\">53<\/td>\n<td align=\"center\">44<\/td>\n<td align=\"center\">22<\/td>\n<td align=\"center\">57<\/td>\n<td align=\"center\">520<\/td>\n<td align=\"center\">1<\/td>\n<\/tr>\n<tr bgcolor=\"#e2e3e4\">\n<td align=\"center\">*\u00a01119 06 7038<\/td>\n<td align=\"center\">38<\/td>\n<td align=\"center\">56<\/td>\n<td align=\"center\">44<\/td>\n<td align=\"center\">22<\/td>\n<td align=\"center\">57<\/td>\n<td align=\"center\">540<\/td>\n<td align=\"center\">1<\/td>\n<\/tr>\n<tr bgcolor=\"#ffffff\">\n<td align=\"center\">1119 06 7041<\/td>\n<td align=\"center\">41<\/td>\n<td align=\"center\">59<\/td>\n<td align=\"center\">44<\/td>\n<td align=\"center\">24<\/td>\n<td align=\"center\">58<\/td>\n<td align=\"center\">580<\/td>\n<td align=\"center\">1<\/td>\n<\/tr>\n<tr bgcolor=\"#e2e3e4\">\n<td align=\"center\">1119 06 7046<\/td>\n<td align=\"center\">46<\/td>\n<td align=\"center\">66<\/td>\n<td align=\"center\">44<\/td>\n<td align=\"center\">24<\/td>\n<td align=\"center\">62<\/td>\n<td align=\"center\">715<\/td>\n<td align=\"center\">1<\/td>\n<\/tr>\n<tr bgcolor=\"#ffffff\">\n<td align=\"center\">*\u00a01119 06 7050<\/td>\n<td align=\"center\">50<\/td>\n<td align=\"center\">71<\/td>\n<td align=\"center\">54<\/td>\n<td align=\"center\">26<\/td>\n<td align=\"center\">65<\/td>\n<td align=\"center\">955<\/td>\n<td align=\"center\">1<\/td>\n<\/tr>\n<\/tbody>\n<\/table>\n","protected":false},"excerpt":{"rendered":"<p>KOD *\u00a01119 06 7017 17 29 44 12 50 315 5 1119 06 7019 19 32 44 13 50 330 5 1119 06 7021 21 35 44 15 50 340 5 1119 06 7022 22 36 44 15 50 345 5 *\u00a01119 06 7023 23 37 44 16 50 350 5 1119 06 7024 24 [&hellip;]<\/p>\n","protected":false},"featured_media":18499,"comment_status":"closed","ping_status":"closed","template":"","meta":[],"product_brand":[],"product_cat":[257,267],"product_tag":[],"class_list":{"0":"post-20079","1":"product","2":"type-product","3":"status-publish","4":"has-post-thumbnail","6":"product_cat-el-aletleri","7":"product_cat-havali-lokma-anahtarlar","9":"first","10":"instock","11":"shipping-taxable","12":"product-type-simple"},"_links":{"self":[{"href":"https:\/\/korogluhirdavat.com.tr\/index.php?rest_route=\/wp\/v2\/product\/20079","targetHints":{"allow":["GET"]}}],"collection":[{"href":"https:\/\/korogluhirdavat.com.tr\/index.php?rest_route=\/wp\/v2\/product"}],"about":[{"href":"https:\/\/korogluhirdavat.com.tr\/index.php?rest_route=\/wp\/v2\/types\/product"}],"replies":[{"embeddable":true,"href":"https:\/\/korogluhirdavat.com.tr\/index.php?rest_route=%2Fwp%2Fv2%2Fcomments&post=20079"}],"wp:featuredmedia":[{"embeddable":true,"href":"https:\/\/korogluhirdavat.com.tr\/index.php?rest_route=\/wp\/v2\/media\/18499"}],"wp:attachment":[{"href":"https:\/\/korogluhirdavat.com.tr\/index.php?rest_route=%2Fwp%2Fv2%2Fmedia&parent=20079"}],"wp:term":[{"taxonomy":"product_brand","embeddable":true,"href":"https:\/\/korogluhirdavat.com.tr\/index.php?rest_route=%2Fwp%2Fv2%2Fproduct_brand&post=20079"},{"taxonomy":"product_cat","embeddable":true,"href":"https:\/\/korogluhirdavat.com.tr\/index.php?rest_route=%2Fwp%2Fv2%2Fproduct_cat&post=20079"},{"taxonomy":"product_tag","embeddable":true,"href":"https:\/\/korogluhirdavat.com.tr\/index.php?rest_route=%2Fwp%2Fv2%2Fproduct_tag&post=20079"}],"curies":[{"name":"wp","href":"https:\/\/api.w.org\/{rel}","templated":true}]}}