{"id":20128,"date":"2021-09-03T21:01:59","date_gmt":"2021-09-03T21:01:59","guid":{"rendered":"https:\/\/koroglucivata.com\/?post_type=product&#038;p=20128"},"modified":"2021-09-03T21:02:02","modified_gmt":"2021-09-03T21:02:02","slug":"4100-kraft-seri-duz-uclu-tornavida-seti-8-parca","status":"publish","type":"product","link":"https:\/\/korogluhirdavat.com.tr\/?product=4100-kraft-seri-duz-uclu-tornavida-seti-8-parca","title":{"rendered":"4100 Kraft Seri D\u00fcz U\u00e7lu Tornavida Seti (8 par\u00e7a)"},"content":{"rendered":"<table border=\"0\" width=\"100%\" cellspacing=\"2\" cellpadding=\"2\">\n<tbody>\n<tr>\n<td align=\"center\" bgcolor=\"#cecfd1\"><strong>KOD<\/strong><\/td>\n<td align=\"center\" bgcolor=\"#cecfd1\"><strong>\u0130\u00c7ER\u0130K<\/strong><\/td>\n<td align=\"center\" bgcolor=\"#cecfd1\"><img loading=\"lazy\" decoding=\"async\" src=\"https:\/\/www.izeltas.com.tr\/izeltascomtr\/upl\/Image\/terazi_G.jpg\" alt=\"\" width=\"34\" height=\"34\" \/><\/td>\n<td align=\"center\" bgcolor=\"#cecfd1\"><img loading=\"lazy\" decoding=\"async\" src=\"https:\/\/www.izeltas.com.tr\/izeltascomtr\/upl\/Image\/kare.jpg\" alt=\"\" width=\"34\" height=\"34\" \/><\/td>\n<\/tr>\n<tr>\n<td align=\"center\" bgcolor=\"#ffffff\">4100 00 8108<\/td>\n<td align=\"center\" bgcolor=\"#ffffff\">3&#215;80 &#8211; 4&#215;80 &#8211; 4&#215;100<br \/>\n5&#215;100 &#8211; 5&#215;125 &#8211; 6&#215;100<br \/>\n6&#215;125 &#8211; 6&#215;150<br \/>\nD\u00fcz u\u00e7lu<\/td>\n<td align=\"center\" bgcolor=\"#ffffff\">550<\/td>\n<td align=\"center\" bgcolor=\"#ffffff\">8<\/td>\n<\/tr>\n<\/tbody>\n<\/table>\n","protected":false},"excerpt":{"rendered":"<p>KOD \u0130\u00c7ER\u0130K 4100 00 8108 3&#215;80 &#8211; 4&#215;80 &#8211; 4&#215;100 5&#215;100 &#8211; 5&#215;125 &#8211; 6&#215;100 6&#215;125 &#8211; 6&#215;150 D\u00fcz u\u00e7lu 550 8<\/p>\n","protected":false},"featured_media":18594,"comment_status":"closed","ping_status":"closed","template":"","meta":[],"product_brand":[],"product_cat":[269],"product_tag":[],"class_list":{"0":"post-20128","1":"product","2":"type-product","3":"status-publish","4":"has-post-thumbnail","6":"product_cat-tornavidalar","8":"first","9":"instock","10":"shipping-taxable","11":"product-type-simple"},"_links":{"self":[{"href":"https:\/\/korogluhirdavat.com.tr\/index.php?rest_route=\/wp\/v2\/product\/20128","targetHints":{"allow":["GET"]}}],"collection":[{"href":"https:\/\/korogluhirdavat.com.tr\/index.php?rest_route=\/wp\/v2\/product"}],"about":[{"href":"https:\/\/korogluhirdavat.com.tr\/index.php?rest_route=\/wp\/v2\/types\/product"}],"replies":[{"embeddable":true,"href":"https:\/\/korogluhirdavat.com.tr\/index.php?rest_route=%2Fwp%2Fv2%2Fcomments&post=20128"}],"wp:featuredmedia":[{"embeddable":true,"href":"https:\/\/korogluhirdavat.com.tr\/index.php?rest_route=\/wp\/v2\/media\/18594"}],"wp:attachment":[{"href":"https:\/\/korogluhirdavat.com.tr\/index.php?rest_route=%2Fwp%2Fv2%2Fmedia&parent=20128"}],"wp:term":[{"taxonomy":"product_brand","embeddable":true,"href":"https:\/\/korogluhirdavat.com.tr\/index.php?rest_route=%2Fwp%2Fv2%2Fproduct_brand&post=20128"},{"taxonomy":"product_cat","embeddable":true,"href":"https:\/\/korogluhirdavat.com.tr\/index.php?rest_route=%2Fwp%2Fv2%2Fproduct_cat&post=20128"},{"taxonomy":"product_tag","embeddable":true,"href":"https:\/\/korogluhirdavat.com.tr\/index.php?rest_route=%2Fwp%2Fv2%2Fproduct_tag&post=20128"}],"curies":[{"name":"wp","href":"https:\/\/api.w.org\/{rel}","templated":true}]}}