{"id":20192,"date":"2021-09-03T21:02:17","date_gmt":"2021-09-03T21:02:17","guid":{"rendered":"https:\/\/koroglucivata.com\/?post_type=product&#038;p=20192"},"modified":"2021-09-03T21:02:20","modified_gmt":"2021-09-03T21:02:20","slug":"4870-yildiz-uzun-bits-uclar","status":"publish","type":"product","link":"https:\/\/korogluhirdavat.com.tr\/?product=4870-yildiz-uzun-bits-uclar","title":{"rendered":"4870 Y\u0131ld\u0131z Uzun Bits U\u00e7lar"},"content":{"rendered":"<table border=\"0\" width=\"100%\" cellspacing=\"2\" cellpadding=\"2\">\n<tbody>\n<tr>\n<td align=\"center\" bgcolor=\"#cecfd1\"><strong>KOD<\/strong><\/td>\n<td align=\"center\" bgcolor=\"#cecfd1\"><img loading=\"lazy\" decoding=\"async\" src=\"https:\/\/www.izeltas.com.tr\/izeltascomtr\/upl\/Image\/arti_mm.jpg\" alt=\"\" width=\"34\" height=\"35\" \/><\/td>\n<td align=\"center\" bgcolor=\"#cecfd1\"><img loading=\"lazy\" decoding=\"async\" src=\"https:\/\/www.izeltas.com.tr\/izeltascomtr\/upl\/Image\/L.jpg\" alt=\"\" width=\"34\" height=\"34\" \/><\/td>\n<td align=\"center\" bgcolor=\"#cecfd1\"><img loading=\"lazy\" decoding=\"async\" src=\"https:\/\/www.izeltas.com.tr\/izeltascomtr\/upl\/Image\/terazi_G.jpg\" alt=\"\" width=\"34\" height=\"34\" \/><\/td>\n<td align=\"center\" bgcolor=\"#cecfd1\"><img loading=\"lazy\" decoding=\"async\" src=\"https:\/\/www.izeltas.com.tr\/izeltascomtr\/upl\/Image\/kare.jpg\" alt=\"\" width=\"34\" height=\"34\" \/><\/td>\n<\/tr>\n<tr bgcolor=\"#ffffff\">\n<td align=\"center\">4870 21 0701<\/td>\n<td>Ph1<\/td>\n<td align=\"center\">\u00a075<\/td>\n<td align=\"center\">\u00a017<\/td>\n<td align=\"center\">\u00a010<\/td>\n<\/tr>\n<tr bgcolor=\"#e2e3e4\">\n<td align=\"center\" bgcolor=\"#cccccc\">4870 21 0702<\/td>\n<td bgcolor=\"#cccccc\">\u00a0Ph2<\/td>\n<td align=\"center\" bgcolor=\"#cccccc\">\u00a075<\/td>\n<td align=\"center\" bgcolor=\"#cccccc\">\u00a018<\/td>\n<td align=\"center\" bgcolor=\"#cccccc\">\u00a010<\/td>\n<\/tr>\n<tr bgcolor=\"#ffffff\">\n<td align=\"center\">\u00a04870 21 0703<\/td>\n<td>Ph3<\/td>\n<td align=\"center\">\u00a075<\/td>\n<td align=\"center\">\u00a018<\/td>\n<td align=\"center\">\u00a010<\/td>\n<\/tr>\n<tr bgcolor=\"#e2e3e4\">\n<td align=\"center\" bgcolor=\"#cccccc\">\u00a04870 21 1001<\/td>\n<td bgcolor=\"#cccccc\">Ph1<\/td>\n<td align=\"center\" bgcolor=\"#cccccc\">\u00a0100<\/td>\n<td align=\"center\" bgcolor=\"#cccccc\">\u00a0 20<\/td>\n<td align=\"center\" bgcolor=\"#cccccc\">\u00a010<\/td>\n<\/tr>\n<tr bgcolor=\"#ffffff\">\n<td align=\"center\">\u00a04870 21 1002<\/td>\n<td>Ph2<\/td>\n<td align=\"center\">\u00a0100<\/td>\n<td align=\"center\">\u00a0 24<\/td>\n<td align=\"center\">\u00a010<\/td>\n<\/tr>\n<tr bgcolor=\"#e2e3e4\">\n<td align=\"center\" bgcolor=\"#cccccc\">\u00a04870 21 1003<\/td>\n<td bgcolor=\"#cccccc\">Ph3<\/td>\n<td align=\"center\" bgcolor=\"#cccccc\">\u00a0100<\/td>\n<td align=\"center\" bgcolor=\"#cccccc\">\u00a024<\/td>\n<td align=\"center\" bgcolor=\"#cccccc\">\u00a0 10<\/td>\n<\/tr>\n<tr bgcolor=\"#e2e3e4\">\n<td align=\"center\" bgcolor=\"#ffffff\">\u00a04870 21 1501<\/td>\n<td align=\"center\" bgcolor=\"#ffffff\">Ph1<\/td>\n<td align=\"center\" bgcolor=\"#ffffff\">\u00a0150<\/td>\n<td align=\"center\" bgcolor=\"#ffffff\">\u00a0 23<\/td>\n<td align=\"center\" bgcolor=\"#ffffff\">\u00a010<\/td>\n<\/tr>\n<tr bgcolor=\"#e2e3e4\">\n<td align=\"center\" bgcolor=\"#cccccc\">4870 21 1502<\/td>\n<td align=\"center\" bgcolor=\"#cccccc\">Ph2<\/td>\n<td bgcolor=\"#cccccc\">\u00a0150<\/td>\n<td align=\"center\" bgcolor=\"#cccccc\">\u00a0 33<\/td>\n<td align=\"center\" bgcolor=\"#cccccc\">\u00a010<\/td>\n<\/tr>\n<tr bgcolor=\"#e2e3e4\">\n<td align=\"center\" bgcolor=\"#ffffff\">4870 21 1503<\/td>\n<td align=\"center\" bgcolor=\"#ffffff\">Ph3<\/td>\n<td bgcolor=\"#ffffff\">150<\/td>\n<td align=\"center\" bgcolor=\"#ffffff\">\u00a0 \u00a033<\/td>\n<td align=\"center\" bgcolor=\"#ffffff\">\u00a010<\/td>\n<\/tr>\n<\/tbody>\n<\/table>\n","protected":false},"excerpt":{"rendered":"<p>KOD 4870 21 0701 Ph1 \u00a075 \u00a017 \u00a010 4870 21 0702 \u00a0Ph2 \u00a075 \u00a018 \u00a010 \u00a04870 21 0703 Ph3 \u00a075 \u00a018 \u00a010 \u00a04870 21 1001 Ph1 \u00a0100 \u00a0 20 \u00a010 \u00a04870 21 1002 Ph2 \u00a0100 \u00a0 24 \u00a010 \u00a04870 21 1003 Ph3 \u00a0100 \u00a024 \u00a0 10 \u00a04870 21 1501 Ph1 \u00a0150 \u00a0 23 \u00a010 4870 [&hellip;]<\/p>\n","protected":false},"featured_media":18713,"comment_status":"closed","ping_status":"closed","template":"","meta":[],"product_brand":[],"product_cat":[271,257],"product_tag":[],"class_list":{"0":"post-20192","1":"product","2":"type-product","3":"status-publish","4":"has-post-thumbnail","6":"product_cat-bitsler","7":"product_cat-el-aletleri","9":"first","10":"instock","11":"shipping-taxable","12":"product-type-simple"},"_links":{"self":[{"href":"https:\/\/korogluhirdavat.com.tr\/index.php?rest_route=\/wp\/v2\/product\/20192","targetHints":{"allow":["GET"]}}],"collection":[{"href":"https:\/\/korogluhirdavat.com.tr\/index.php?rest_route=\/wp\/v2\/product"}],"about":[{"href":"https:\/\/korogluhirdavat.com.tr\/index.php?rest_route=\/wp\/v2\/types\/product"}],"replies":[{"embeddable":true,"href":"https:\/\/korogluhirdavat.com.tr\/index.php?rest_route=%2Fwp%2Fv2%2Fcomments&post=20192"}],"wp:featuredmedia":[{"embeddable":true,"href":"https:\/\/korogluhirdavat.com.tr\/index.php?rest_route=\/wp\/v2\/media\/18713"}],"wp:attachment":[{"href":"https:\/\/korogluhirdavat.com.tr\/index.php?rest_route=%2Fwp%2Fv2%2Fmedia&parent=20192"}],"wp:term":[{"taxonomy":"product_brand","embeddable":true,"href":"https:\/\/korogluhirdavat.com.tr\/index.php?rest_route=%2Fwp%2Fv2%2Fproduct_brand&post=20192"},{"taxonomy":"product_cat","embeddable":true,"href":"https:\/\/korogluhirdavat.com.tr\/index.php?rest_route=%2Fwp%2Fv2%2Fproduct_cat&post=20192"},{"taxonomy":"product_tag","embeddable":true,"href":"https:\/\/korogluhirdavat.com.tr\/index.php?rest_route=%2Fwp%2Fv2%2Fproduct_tag&post=20192"}],"curies":[{"name":"wp","href":"https:\/\/api.w.org\/{rel}","templated":true}]}}