{"id":20200,"date":"2021-09-03T21:02:22","date_gmt":"2021-09-03T21:02:22","guid":{"rendered":"https:\/\/koroglucivata.com\/?post_type=product&#038;p=20200"},"modified":"2021-09-03T21:02:26","modified_gmt":"2021-09-03T21:02:26","slug":"4901-allen-anahtar-alti-kose-sae","status":"publish","type":"product","link":"https:\/\/korogluhirdavat.com.tr\/?product=4901-allen-anahtar-alti-kose-sae","title":{"rendered":"4901 Allen Anahtar Alt\u0131 K\u00f6\u015fe (SAE)"},"content":{"rendered":"<table border=\"0\" width=\"100%\" cellspacing=\"2\" cellpadding=\"2\">\n<tbody>\n<tr>\n<td align=\"center\" bgcolor=\"#cecfd1\"><strong>KOD<\/strong><\/td>\n<td align=\"center\" bgcolor=\"#cecfd1\"><img loading=\"lazy\" decoding=\"async\" src=\"https:\/\/www.izeltas.com.tr\/izeltascomtr\/upl\/Image\/altigenDolu_inch.jpg\" alt=\"\" width=\"34\" height=\"34\" \/><\/td>\n<td align=\"center\" bgcolor=\"#cecfd1\"><img loading=\"lazy\" decoding=\"async\" src=\"https:\/\/www.izeltas.com.tr\/izeltascomtr\/upl\/Image\/L.jpg\" alt=\"\" width=\"34\" height=\"34\" \/><\/td>\n<td align=\"center\" bgcolor=\"#cecfd1\"><img loading=\"lazy\" decoding=\"async\" src=\"https:\/\/www.izeltas.com.tr\/izeltascomtr\/upl\/Image\/L1.jpg\" alt=\"\" width=\"34\" height=\"34\" \/><\/td>\n<td align=\"center\" bgcolor=\"#cecfd1\"><img loading=\"lazy\" decoding=\"async\" src=\"https:\/\/www.izeltas.com.tr\/izeltascomtr\/upl\/Image\/terazi_G.jpg\" alt=\"\" width=\"34\" height=\"34\" \/><\/td>\n<td align=\"center\" bgcolor=\"#cecfd1\"><img loading=\"lazy\" decoding=\"async\" src=\"https:\/\/www.izeltas.com.tr\/izeltascomtr\/upl\/Image\/kare.jpg\" alt=\"\" width=\"34\" height=\"34\" \/><\/td>\n<\/tr>\n<tr bgcolor=\"#ffffff\">\n<td align=\"center\">4901 22 1984<\/td>\n<td align=\"center\">5\/64&#8243;<\/td>\n<td align=\"center\">50<\/td>\n<td align=\"center\">16<\/td>\n<td align=\"center\">2<\/td>\n<td align=\"center\">10<\/td>\n<\/tr>\n<tr bgcolor=\"#e2e3e4\">\n<td align=\"center\">4901 22 2381<\/td>\n<td align=\"center\">3\/32&#8243;<\/td>\n<td align=\"center\">54<\/td>\n<td align=\"center\">18<\/td>\n<td align=\"center\">4<\/td>\n<td align=\"center\">10<\/td>\n<\/tr>\n<tr bgcolor=\"#ffffff\">\n<td align=\"center\">4901 22 3125<\/td>\n<td align=\"center\">1\/8&#8243;<\/td>\n<td align=\"center\">58<\/td>\n<td align=\"center\">20<\/td>\n<td align=\"center\">5<\/td>\n<td align=\"center\">10<\/td>\n<\/tr>\n<tr bgcolor=\"#e2e3e4\">\n<td align=\"center\">4901 22 3968<\/td>\n<td align=\"center\">5\/32&#8243;<\/td>\n<td align=\"center\">62<\/td>\n<td align=\"center\">22<\/td>\n<td align=\"center\">10<\/td>\n<td align=\"center\">10<\/td>\n<\/tr>\n<tr bgcolor=\"#ffffff\">\n<td align=\"center\">4901 22 4762<\/td>\n<td align=\"center\">3\/16&#8243;<\/td>\n<td align=\"center\">68<\/td>\n<td align=\"center\">24<\/td>\n<td align=\"center\">15<\/td>\n<td align=\"center\">10<\/td>\n<\/tr>\n<tr bgcolor=\"#e2e3e4\">\n<td align=\"center\">4901 22 5556<\/td>\n<td align=\"center\">7\/32&#8243;<\/td>\n<td align=\"center\">74<\/td>\n<td align=\"center\">26<\/td>\n<td align=\"center\">25<\/td>\n<td align=\"center\">10<\/td>\n<\/tr>\n<tr bgcolor=\"#ffffff\">\n<td align=\"center\">4901 22 6350<\/td>\n<td align=\"center\">1\/4&#8243;<\/td>\n<td align=\"center\">82<\/td>\n<td align=\"center\">28<\/td>\n<td align=\"center\">35<\/td>\n<td align=\"center\">10<\/td>\n<\/tr>\n<tr bgcolor=\"#e2e3e4\">\n<td align=\"center\">4901 22 7937<\/td>\n<td align=\"center\">5\/16&#8243;<\/td>\n<td align=\"center\">94<\/td>\n<td align=\"center\">32<\/td>\n<td align=\"center\">55<\/td>\n<td align=\"center\">10<\/td>\n<\/tr>\n<tr bgcolor=\"#ffffff\">\n<td align=\"center\">4901 22 9825<\/td>\n<td align=\"center\">3\/8&#8243;<\/td>\n<td align=\"center\">106<\/td>\n<td align=\"center\">38<\/td>\n<td align=\"center\">90<\/td>\n<td align=\"center\">10<\/td>\n<\/tr>\n<tr bgcolor=\"#e2e3e4\">\n<td align=\"center\">4901 22 1111<\/td>\n<td align=\"center\">7\/16&#8243;<\/td>\n<td align=\"center\">118<\/td>\n<td align=\"center\">42<\/td>\n<td align=\"center\">130<\/td>\n<td align=\"center\">10<\/td>\n<\/tr>\n<tr bgcolor=\"#ffffff\">\n<td align=\"center\">4901 22 1270<\/td>\n<td align=\"center\">1\/2&#8243;<\/td>\n<td align=\"center\">132<\/td>\n<td align=\"center\">46<\/td>\n<td align=\"center\">190<\/td>\n<td align=\"center\">10<\/td>\n<\/tr>\n<tr bgcolor=\"#e2e3e4\">\n<td align=\"center\">4901 22 1428<\/td>\n<td align=\"center\">9\/16&#8243;<\/td>\n<td align=\"center\">144<\/td>\n<td align=\"center\">52<\/td>\n<td align=\"center\">265<\/td>\n<td align=\"center\">10<\/td>\n<\/tr>\n<tr bgcolor=\"#ffffff\">\n<td align=\"center\">4901 22 1587<\/td>\n<td align=\"center\">5\/8&#8243;<\/td>\n<td align=\"center\">156<\/td>\n<td align=\"center\">58<\/td>\n<td align=\"center\">365<\/td>\n<td align=\"center\">10<\/td>\n<\/tr>\n<tr bgcolor=\"#e2e3e4\">\n<td align=\"center\">4901 22 1905<\/td>\n<td align=\"center\">3\/4&#8243;<\/td>\n<td align=\"center\">176<\/td>\n<td align=\"center\">66<\/td>\n<td align=\"center\">600<\/td>\n<td align=\"center\">5<\/td>\n<\/tr>\n<\/tbody>\n<\/table>\n","protected":false},"excerpt":{"rendered":"<p>KOD 4901 22 1984 5\/64&#8243; 50 16 2 10 4901 22 2381 3\/32&#8243; 54 18 4 10 4901 22 3125 1\/8&#8243; 58 20 5 10 4901 22 3968 5\/32&#8243; 62 22 10 10 4901 22 4762 3\/16&#8243; 68 24 15 10 4901 22 5556 7\/32&#8243; 74 26 25 10 4901 22 6350 1\/4&#8243; 82 28 [&hellip;]<\/p>\n","protected":false},"featured_media":18743,"comment_status":"closed","ping_status":"closed","template":"","meta":[],"product_brand":[],"product_cat":[268,257],"product_tag":[],"class_list":{"0":"post-20200","1":"product","2":"type-product","3":"status-publish","4":"has-post-thumbnail","6":"product_cat-allen-anahtarlar","7":"product_cat-el-aletleri","9":"first","10":"instock","11":"shipping-taxable","12":"product-type-simple"},"_links":{"self":[{"href":"https:\/\/korogluhirdavat.com.tr\/index.php?rest_route=\/wp\/v2\/product\/20200","targetHints":{"allow":["GET"]}}],"collection":[{"href":"https:\/\/korogluhirdavat.com.tr\/index.php?rest_route=\/wp\/v2\/product"}],"about":[{"href":"https:\/\/korogluhirdavat.com.tr\/index.php?rest_route=\/wp\/v2\/types\/product"}],"replies":[{"embeddable":true,"href":"https:\/\/korogluhirdavat.com.tr\/index.php?rest_route=%2Fwp%2Fv2%2Fcomments&post=20200"}],"wp:featuredmedia":[{"embeddable":true,"href":"https:\/\/korogluhirdavat.com.tr\/index.php?rest_route=\/wp\/v2\/media\/18743"}],"wp:attachment":[{"href":"https:\/\/korogluhirdavat.com.tr\/index.php?rest_route=%2Fwp%2Fv2%2Fmedia&parent=20200"}],"wp:term":[{"taxonomy":"product_brand","embeddable":true,"href":"https:\/\/korogluhirdavat.com.tr\/index.php?rest_route=%2Fwp%2Fv2%2Fproduct_brand&post=20200"},{"taxonomy":"product_cat","embeddable":true,"href":"https:\/\/korogluhirdavat.com.tr\/index.php?rest_route=%2Fwp%2Fv2%2Fproduct_cat&post=20200"},{"taxonomy":"product_tag","embeddable":true,"href":"https:\/\/korogluhirdavat.com.tr\/index.php?rest_route=%2Fwp%2Fv2%2Fproduct_tag&post=20200"}],"curies":[{"name":"wp","href":"https:\/\/api.w.org\/{rel}","templated":true}]}}