{"id":20315,"date":"2021-09-03T21:02:46","date_gmt":"2021-09-03T21:02:46","guid":{"rendered":"https:\/\/koroglucivata.com\/?post_type=product&#038;p=20315"},"modified":"2021-09-03T21:02:50","modified_gmt":"2021-09-03T21:02:50","slug":"sac-kesme-makasi","status":"publish","type":"product","link":"https:\/\/korogluhirdavat.com.tr\/?product=sac-kesme-makasi","title":{"rendered":"Sac Kesme Makas\u0131"},"content":{"rendered":"<ul>\n<li>Sa\u011flam \u00e7elik g\u00f6vde<\/li>\n<li>Sertle\u015ftirilmi\u015f b\u0131\u00e7aklar<\/li>\n<li>Ergonomik kesme<\/li>\n<li>Malzeme kal\u0131nl\u0131\u011f\u0131na g\u00f6re ayar sistemi<\/li>\n<li>Emniyet yay\u0131<\/li>\n<\/ul>\n","protected":false},"excerpt":{"rendered":"<p>Sa\u011flam \u00e7elik g\u00f6vde Sertle\u015ftirilmi\u015f b\u0131\u00e7aklar Ergonomik kesme Malzeme kal\u0131nl\u0131\u011f\u0131na g\u00f6re ayar sistemi Emniyet yay\u0131<\/p>\n","protected":false},"featured_media":18970,"comment_status":"closed","ping_status":"closed","template":"","meta":[],"product_brand":[],"product_cat":[257,263],"product_tag":[],"class_list":{"0":"post-20315","1":"product","2":"type-product","3":"status-publish","4":"has-post-thumbnail","6":"product_cat-el-aletleri","7":"product_cat-kesici-aletler","9":"first","10":"instock","11":"shipping-taxable","12":"product-type-simple"},"_links":{"self":[{"href":"https:\/\/korogluhirdavat.com.tr\/index.php?rest_route=\/wp\/v2\/product\/20315","targetHints":{"allow":["GET"]}}],"collection":[{"href":"https:\/\/korogluhirdavat.com.tr\/index.php?rest_route=\/wp\/v2\/product"}],"about":[{"href":"https:\/\/korogluhirdavat.com.tr\/index.php?rest_route=\/wp\/v2\/types\/product"}],"replies":[{"embeddable":true,"href":"https:\/\/korogluhirdavat.com.tr\/index.php?rest_route=%2Fwp%2Fv2%2Fcomments&post=20315"}],"wp:featuredmedia":[{"embeddable":true,"href":"https:\/\/korogluhirdavat.com.tr\/index.php?rest_route=\/wp\/v2\/media\/18970"}],"wp:attachment":[{"href":"https:\/\/korogluhirdavat.com.tr\/index.php?rest_route=%2Fwp%2Fv2%2Fmedia&parent=20315"}],"wp:term":[{"taxonomy":"product_brand","embeddable":true,"href":"https:\/\/korogluhirdavat.com.tr\/index.php?rest_route=%2Fwp%2Fv2%2Fproduct_brand&post=20315"},{"taxonomy":"product_cat","embeddable":true,"href":"https:\/\/korogluhirdavat.com.tr\/index.php?rest_route=%2Fwp%2Fv2%2Fproduct_cat&post=20315"},{"taxonomy":"product_tag","embeddable":true,"href":"https:\/\/korogluhirdavat.com.tr\/index.php?rest_route=%2Fwp%2Fv2%2Fproduct_tag&post=20315"}],"curies":[{"name":"wp","href":"https:\/\/api.w.org\/{rel}","templated":true}]}}