{"id":20325,"date":"2021-09-03T21:02:51","date_gmt":"2021-09-03T21:02:51","guid":{"rendered":"https:\/\/koroglucivata.com\/?post_type=product&#038;p=20325"},"modified":"2021-09-03T21:02:54","modified_gmt":"2021-09-03T21:02:54","slug":"hizli-yapistirici","status":"publish","type":"product","link":"https:\/\/korogluhirdavat.com.tr\/?product=hizli-yapistirici","title":{"rendered":"H\u0131zl\u0131 Yap\u0131\u015ft\u0131r\u0131c\u0131"},"content":{"rendered":"<p>\u0130K\u0130 KOMPENENTL\u0130 YAPI\u015eTIRICI AKT\u0130V\u0130T\u00d6R\u00dc \u0130LE B\u0130RL\u0130KTE KULLANILDI\u011eINDA,<br \/>\nLAM\u0130NANT, AH\u015eAP, FOLYO VE MDF PROF\u0130LLER\u0130 \u00c7OK KISA ZAMANDA YAPI\u015eTIRIR.<\/p>\n","protected":false},"excerpt":{"rendered":"<p>\u0130K\u0130 KOMPENENTL\u0130 YAPI\u015eTIRICI AKT\u0130V\u0130T\u00d6R\u00dc \u0130LE B\u0130RL\u0130KTE KULLANILDI\u011eINDA, LAM\u0130NANT, AH\u015eAP, FOLYO VE MDF PROF\u0130LLER\u0130 \u00c7OK KISA ZAMANDA YAPI\u015eTIRIR.<\/p>\n","protected":false},"featured_media":18980,"comment_status":"closed","ping_status":"closed","template":"","meta":[],"product_brand":[],"product_cat":[294,284],"product_tag":[],"class_list":{"0":"post-20325","1":"product","2":"type-product","3":"status-publish","4":"has-post-thumbnail","6":"product_cat-yapistirici","7":"product_cat-yapistirici-ve-kimyasallar","9":"first","10":"instock","11":"shipping-taxable","12":"product-type-simple"},"_links":{"self":[{"href":"https:\/\/korogluhirdavat.com.tr\/index.php?rest_route=\/wp\/v2\/product\/20325","targetHints":{"allow":["GET"]}}],"collection":[{"href":"https:\/\/korogluhirdavat.com.tr\/index.php?rest_route=\/wp\/v2\/product"}],"about":[{"href":"https:\/\/korogluhirdavat.com.tr\/index.php?rest_route=\/wp\/v2\/types\/product"}],"replies":[{"embeddable":true,"href":"https:\/\/korogluhirdavat.com.tr\/index.php?rest_route=%2Fwp%2Fv2%2Fcomments&post=20325"}],"wp:featuredmedia":[{"embeddable":true,"href":"https:\/\/korogluhirdavat.com.tr\/index.php?rest_route=\/wp\/v2\/media\/18980"}],"wp:attachment":[{"href":"https:\/\/korogluhirdavat.com.tr\/index.php?rest_route=%2Fwp%2Fv2%2Fmedia&parent=20325"}],"wp:term":[{"taxonomy":"product_brand","embeddable":true,"href":"https:\/\/korogluhirdavat.com.tr\/index.php?rest_route=%2Fwp%2Fv2%2Fproduct_brand&post=20325"},{"taxonomy":"product_cat","embeddable":true,"href":"https:\/\/korogluhirdavat.com.tr\/index.php?rest_route=%2Fwp%2Fv2%2Fproduct_cat&post=20325"},{"taxonomy":"product_tag","embeddable":true,"href":"https:\/\/korogluhirdavat.com.tr\/index.php?rest_route=%2Fwp%2Fv2%2Fproduct_tag&post=20325"}],"curies":[{"name":"wp","href":"https:\/\/api.w.org\/{rel}","templated":true}]}}