{"id":20348,"date":"2021-09-03T21:02:53","date_gmt":"2021-09-03T21:02:53","guid":{"rendered":"https:\/\/koroglucivata.com\/?post_type=product&#038;p=20348"},"modified":"2021-09-03T21:02:56","modified_gmt":"2021-09-03T21:02:56","slug":"gazalti-kaynak-spreyi","status":"publish","type":"product","link":"https:\/\/korogluhirdavat.com.tr\/?product=gazalti-kaynak-spreyi","title":{"rendered":"Gazalt\u0131 Kaynak Spreyi"},"content":{"rendered":"<p>Kaynak yap\u0131lacak zemine uyguland\u0131g\u0131nda, kaynak<br \/>\nyap\u0131l\u0131rken olu\u015fan c\u00fcruf \u2019un kolayca temizlenmesine<br \/>\nyard\u0131mc\u0131 olur. \u0130yi bir kaynak yap\u0131labilmesi i\u00e7in tor\u00e7\u2019un<br \/>\nucuna s\u0131k\u0131lan gazalt\u0131 kaynak spreyi telin tor\u00e7\u2019a yap\u0131\u015fmas\u0131n\u0131<br \/>\nengeller. Kaynak yap\u0131lan zeminlere boyama ve<br \/>\nmarkalama yap\u0131labilir.<\/p>\n","protected":false},"excerpt":{"rendered":"<p>Kaynak yap\u0131lacak zemine uyguland\u0131g\u0131nda, kaynak yap\u0131l\u0131rken olu\u015fan c\u00fcruf \u2019un kolayca temizlenmesine yard\u0131mc\u0131 olur. \u0130yi bir kaynak yap\u0131labilmesi i\u00e7in tor\u00e7\u2019un ucuna s\u0131k\u0131lan gazalt\u0131 kaynak spreyi telin tor\u00e7\u2019a yap\u0131\u015fmas\u0131n\u0131 engeller. Kaynak yap\u0131lan zeminlere boyama ve markalama yap\u0131labilir.<\/p>\n","protected":false},"featured_media":19030,"comment_status":"closed","ping_status":"closed","template":"","meta":[],"product_brand":[],"product_cat":[297,278,284],"product_tag":[],"class_list":{"0":"post-20348","1":"product","2":"type-product","3":"status-publish","4":"has-post-thumbnail","6":"product_cat-boya","7":"product_cat-kaynak-ekipmanlari","8":"product_cat-yapistirici-ve-kimyasallar","10":"first","11":"instock","12":"shipping-taxable","13":"product-type-simple"},"_links":{"self":[{"href":"https:\/\/korogluhirdavat.com.tr\/index.php?rest_route=\/wp\/v2\/product\/20348","targetHints":{"allow":["GET"]}}],"collection":[{"href":"https:\/\/korogluhirdavat.com.tr\/index.php?rest_route=\/wp\/v2\/product"}],"about":[{"href":"https:\/\/korogluhirdavat.com.tr\/index.php?rest_route=\/wp\/v2\/types\/product"}],"replies":[{"embeddable":true,"href":"https:\/\/korogluhirdavat.com.tr\/index.php?rest_route=%2Fwp%2Fv2%2Fcomments&post=20348"}],"wp:featuredmedia":[{"embeddable":true,"href":"https:\/\/korogluhirdavat.com.tr\/index.php?rest_route=\/wp\/v2\/media\/19030"}],"wp:attachment":[{"href":"https:\/\/korogluhirdavat.com.tr\/index.php?rest_route=%2Fwp%2Fv2%2Fmedia&parent=20348"}],"wp:term":[{"taxonomy":"product_brand","embeddable":true,"href":"https:\/\/korogluhirdavat.com.tr\/index.php?rest_route=%2Fwp%2Fv2%2Fproduct_brand&post=20348"},{"taxonomy":"product_cat","embeddable":true,"href":"https:\/\/korogluhirdavat.com.tr\/index.php?rest_route=%2Fwp%2Fv2%2Fproduct_cat&post=20348"},{"taxonomy":"product_tag","embeddable":true,"href":"https:\/\/korogluhirdavat.com.tr\/index.php?rest_route=%2Fwp%2Fv2%2Fproduct_tag&post=20348"}],"curies":[{"name":"wp","href":"https:\/\/api.w.org\/{rel}","templated":true}]}}