{"id":20352,"date":"2021-09-03T21:02:58","date_gmt":"2021-09-03T21:02:58","guid":{"rendered":"https:\/\/koroglucivata.com\/?post_type=product&#038;p=20352"},"modified":"2021-09-03T21:03:03","modified_gmt":"2021-09-03T21:03:03","slug":"vhb-bant","status":"publish","type":"product","link":"https:\/\/korogluhirdavat.com.tr\/?product=vhb-bant","title":{"rendered":"Vhb Bant"},"content":{"rendered":"<p>Per\u00e7in, Vida ve Kaynak gibi t\u00fcm birle\u015ftirme y\u00f6ntemlerinde<br \/>\nalternatif olarak kullan\u0131lan, s\u00fcper dayan\u0131kl\u0131, h\u0131zl\u0131<br \/>\nve pratik uygulanabilen, kuvvetli yap\u0131\u015fma g\u00fcc\u00fcne sahip,<br \/>\nakrilik silikonize \u00e7ift tarafl\u0131 bant.<\/p>\n","protected":false},"excerpt":{"rendered":"<p>Per\u00e7in, Vida ve Kaynak gibi t\u00fcm birle\u015ftirme y\u00f6ntemlerinde alternatif olarak kullan\u0131lan, s\u00fcper dayan\u0131kl\u0131, h\u0131zl\u0131 ve pratik uygulanabilen, kuvvetli yap\u0131\u015fma g\u00fcc\u00fcne sahip, akrilik silikonize \u00e7ift tarafl\u0131 bant.<\/p>\n","protected":false},"featured_media":19034,"comment_status":"closed","ping_status":"closed","template":"","meta":[],"product_brand":[],"product_cat":[286,289],"product_tag":[],"class_list":{"0":"post-20352","1":"product","2":"type-product","3":"status-publish","4":"has-post-thumbnail","6":"product_cat-ambalaj-urunleri","7":"product_cat-bantlar","9":"first","10":"instock","11":"shipping-taxable","12":"product-type-simple"},"_links":{"self":[{"href":"https:\/\/korogluhirdavat.com.tr\/index.php?rest_route=\/wp\/v2\/product\/20352","targetHints":{"allow":["GET"]}}],"collection":[{"href":"https:\/\/korogluhirdavat.com.tr\/index.php?rest_route=\/wp\/v2\/product"}],"about":[{"href":"https:\/\/korogluhirdavat.com.tr\/index.php?rest_route=\/wp\/v2\/types\/product"}],"replies":[{"embeddable":true,"href":"https:\/\/korogluhirdavat.com.tr\/index.php?rest_route=%2Fwp%2Fv2%2Fcomments&post=20352"}],"wp:featuredmedia":[{"embeddable":true,"href":"https:\/\/korogluhirdavat.com.tr\/index.php?rest_route=\/wp\/v2\/media\/19034"}],"wp:attachment":[{"href":"https:\/\/korogluhirdavat.com.tr\/index.php?rest_route=%2Fwp%2Fv2%2Fmedia&parent=20352"}],"wp:term":[{"taxonomy":"product_brand","embeddable":true,"href":"https:\/\/korogluhirdavat.com.tr\/index.php?rest_route=%2Fwp%2Fv2%2Fproduct_brand&post=20352"},{"taxonomy":"product_cat","embeddable":true,"href":"https:\/\/korogluhirdavat.com.tr\/index.php?rest_route=%2Fwp%2Fv2%2Fproduct_cat&post=20352"},{"taxonomy":"product_tag","embeddable":true,"href":"https:\/\/korogluhirdavat.com.tr\/index.php?rest_route=%2Fwp%2Fv2%2Fproduct_tag&post=20352"}],"curies":[{"name":"wp","href":"https:\/\/api.w.org\/{rel}","templated":true}]}}