{"id":20357,"date":"2021-09-03T21:02:59","date_gmt":"2021-09-03T21:02:59","guid":{"rendered":"https:\/\/koroglucivata.com\/?post_type=product&#038;p=20357"},"modified":"2021-09-03T21:03:04","modified_gmt":"2021-09-03T21:03:04","slug":"cok-amacli-bant","status":"publish","type":"product","link":"https:\/\/korogluhirdavat.com.tr\/?product=cok-amacli-bant","title":{"rendered":"\u00c7ok Ama\u00e7l\u0131 Bant"},"content":{"rendered":"<p>&gt; Kuvvetli yapisma \u00f6zelligine sahiptir.<br \/>\n&gt; Su ge\u00e7irmeme \u00f6zelligi sayesinde dis mekanlarda<br \/>\nrahatlikla kullan\u0131labilir.<\/p>\n","protected":false},"excerpt":{"rendered":"<p>&gt; Kuvvetli yapisma \u00f6zelligine sahiptir. &gt; Su ge\u00e7irmeme \u00f6zelligi sayesinde dis mekanlarda rahatlikla kullan\u0131labilir.<\/p>\n","protected":false},"featured_media":19039,"comment_status":"closed","ping_status":"closed","template":"","meta":[],"product_brand":[],"product_cat":[286,289],"product_tag":[],"class_list":{"0":"post-20357","1":"product","2":"type-product","3":"status-publish","4":"has-post-thumbnail","6":"product_cat-ambalaj-urunleri","7":"product_cat-bantlar","9":"first","10":"instock","11":"shipping-taxable","12":"product-type-simple"},"_links":{"self":[{"href":"https:\/\/korogluhirdavat.com.tr\/index.php?rest_route=\/wp\/v2\/product\/20357","targetHints":{"allow":["GET"]}}],"collection":[{"href":"https:\/\/korogluhirdavat.com.tr\/index.php?rest_route=\/wp\/v2\/product"}],"about":[{"href":"https:\/\/korogluhirdavat.com.tr\/index.php?rest_route=\/wp\/v2\/types\/product"}],"replies":[{"embeddable":true,"href":"https:\/\/korogluhirdavat.com.tr\/index.php?rest_route=%2Fwp%2Fv2%2Fcomments&post=20357"}],"wp:featuredmedia":[{"embeddable":true,"href":"https:\/\/korogluhirdavat.com.tr\/index.php?rest_route=\/wp\/v2\/media\/19039"}],"wp:attachment":[{"href":"https:\/\/korogluhirdavat.com.tr\/index.php?rest_route=%2Fwp%2Fv2%2Fmedia&parent=20357"}],"wp:term":[{"taxonomy":"product_brand","embeddable":true,"href":"https:\/\/korogluhirdavat.com.tr\/index.php?rest_route=%2Fwp%2Fv2%2Fproduct_brand&post=20357"},{"taxonomy":"product_cat","embeddable":true,"href":"https:\/\/korogluhirdavat.com.tr\/index.php?rest_route=%2Fwp%2Fv2%2Fproduct_cat&post=20357"},{"taxonomy":"product_tag","embeddable":true,"href":"https:\/\/korogluhirdavat.com.tr\/index.php?rest_route=%2Fwp%2Fv2%2Fproduct_tag&post=20357"}],"curies":[{"name":"wp","href":"https:\/\/api.w.org\/{rel}","templated":true}]}}