{"id":20383,"date":"2021-09-03T21:03:10","date_gmt":"2021-09-03T21:03:10","guid":{"rendered":"https:\/\/koroglucivata.com\/?post_type=product&#038;p=20383"},"modified":"2021-09-03T21:03:15","modified_gmt":"2021-09-03T21:03:15","slug":"panc-adaptoru-hex","status":"publish","type":"product","link":"https:\/\/korogluhirdavat.com.tr\/?product=panc-adaptoru-hex","title":{"rendered":"Pan\u00e7 Adapt\u00f6r\u00fc Hex"},"content":{"rendered":"<p>Metal Pan\u00e7 Adapt\u00f6r\u00fc, metal buat a\u00e7ma i\u015flerinizde kullanabilece\u011finiz<br \/>\ndayan\u0131kl\u0131 bir \u00fcr\u00fcnd\u00fcr.<\/p>\n","protected":false},"excerpt":{"rendered":"<p>Metal Pan\u00e7 Adapt\u00f6r\u00fc, metal buat a\u00e7ma i\u015flerinizde kullanabilece\u011finiz dayan\u0131kl\u0131 bir \u00fcr\u00fcnd\u00fcr.<\/p>\n","protected":false},"featured_media":19111,"comment_status":"closed","ping_status":"closed","template":"","meta":[],"product_brand":[],"product_cat":[257,298],"product_tag":[],"class_list":{"0":"post-20383","1":"product","2":"type-product","3":"status-publish","4":"has-post-thumbnail","6":"product_cat-el-aletleri","7":"product_cat-matkap-uclari","9":"first","10":"instock","11":"shipping-taxable","12":"product-type-simple"},"_links":{"self":[{"href":"https:\/\/korogluhirdavat.com.tr\/index.php?rest_route=\/wp\/v2\/product\/20383","targetHints":{"allow":["GET"]}}],"collection":[{"href":"https:\/\/korogluhirdavat.com.tr\/index.php?rest_route=\/wp\/v2\/product"}],"about":[{"href":"https:\/\/korogluhirdavat.com.tr\/index.php?rest_route=\/wp\/v2\/types\/product"}],"replies":[{"embeddable":true,"href":"https:\/\/korogluhirdavat.com.tr\/index.php?rest_route=%2Fwp%2Fv2%2Fcomments&post=20383"}],"wp:featuredmedia":[{"embeddable":true,"href":"https:\/\/korogluhirdavat.com.tr\/index.php?rest_route=\/wp\/v2\/media\/19111"}],"wp:attachment":[{"href":"https:\/\/korogluhirdavat.com.tr\/index.php?rest_route=%2Fwp%2Fv2%2Fmedia&parent=20383"}],"wp:term":[{"taxonomy":"product_brand","embeddable":true,"href":"https:\/\/korogluhirdavat.com.tr\/index.php?rest_route=%2Fwp%2Fv2%2Fproduct_brand&post=20383"},{"taxonomy":"product_cat","embeddable":true,"href":"https:\/\/korogluhirdavat.com.tr\/index.php?rest_route=%2Fwp%2Fv2%2Fproduct_cat&post=20383"},{"taxonomy":"product_tag","embeddable":true,"href":"https:\/\/korogluhirdavat.com.tr\/index.php?rest_route=%2Fwp%2Fv2%2Fproduct_tag&post=20383"}],"curies":[{"name":"wp","href":"https:\/\/api.w.org\/{rel}","templated":true}]}}