{"id":20389,"date":"2021-09-03T21:03:11","date_gmt":"2021-09-03T21:03:11","guid":{"rendered":"https:\/\/koroglucivata.com\/?post_type=product&#038;p=20389"},"modified":"2021-09-03T21:03:16","modified_gmt":"2021-09-03T21:03:16","slug":"taslama-tasi","status":"publish","type":"product","link":"https:\/\/korogluhirdavat.com.tr\/?product=taslama-tasi","title":{"rendered":"Ta\u015flama Ta\u015f\u0131"},"content":{"rendered":"<p>Her t\u00fcr in\u015faat demiri, \u00e7elik kutu profil, dolu demir ve \u00c71040-1050<br \/>\n\u00e7elik lamalar\u0131n ta\u015flanmas\u0131nda, h\u0131zl\u0131 ve emniyetli tala\u015f kald\u0131r\u0131lmas\u0131 i\u00e7in<br \/>\ntercih edilir.<\/p>\n","protected":false},"excerpt":{"rendered":"<p>Her t\u00fcr in\u015faat demiri, \u00e7elik kutu profil, dolu demir ve \u00c71040-1050 \u00e7elik lamalar\u0131n ta\u015flanmas\u0131nda, h\u0131zl\u0131 ve emniyetli tala\u015f kald\u0131r\u0131lmas\u0131 i\u00e7in tercih edilir.<\/p>\n","protected":false},"featured_media":19117,"comment_status":"closed","ping_status":"closed","template":"","meta":[],"product_brand":[],"product_cat":[245,290],"product_tag":[],"class_list":{"0":"post-20389","1":"product","2":"type-product","3":"status-publish","4":"has-post-thumbnail","6":"product_cat-elektrikli-el-aletleri","7":"product_cat-kesme-taslari","9":"first","10":"instock","11":"shipping-taxable","12":"product-type-simple"},"_links":{"self":[{"href":"https:\/\/korogluhirdavat.com.tr\/index.php?rest_route=\/wp\/v2\/product\/20389","targetHints":{"allow":["GET"]}}],"collection":[{"href":"https:\/\/korogluhirdavat.com.tr\/index.php?rest_route=\/wp\/v2\/product"}],"about":[{"href":"https:\/\/korogluhirdavat.com.tr\/index.php?rest_route=\/wp\/v2\/types\/product"}],"replies":[{"embeddable":true,"href":"https:\/\/korogluhirdavat.com.tr\/index.php?rest_route=%2Fwp%2Fv2%2Fcomments&post=20389"}],"wp:featuredmedia":[{"embeddable":true,"href":"https:\/\/korogluhirdavat.com.tr\/index.php?rest_route=\/wp\/v2\/media\/19117"}],"wp:attachment":[{"href":"https:\/\/korogluhirdavat.com.tr\/index.php?rest_route=%2Fwp%2Fv2%2Fmedia&parent=20389"}],"wp:term":[{"taxonomy":"product_brand","embeddable":true,"href":"https:\/\/korogluhirdavat.com.tr\/index.php?rest_route=%2Fwp%2Fv2%2Fproduct_brand&post=20389"},{"taxonomy":"product_cat","embeddable":true,"href":"https:\/\/korogluhirdavat.com.tr\/index.php?rest_route=%2Fwp%2Fv2%2Fproduct_cat&post=20389"},{"taxonomy":"product_tag","embeddable":true,"href":"https:\/\/korogluhirdavat.com.tr\/index.php?rest_route=%2Fwp%2Fv2%2Fproduct_tag&post=20389"}],"curies":[{"name":"wp","href":"https:\/\/api.w.org\/{rel}","templated":true}]}}