{"id":20405,"date":"2021-09-03T21:03:14","date_gmt":"2021-09-03T21:03:14","guid":{"rendered":"https:\/\/koroglucivata.com\/?post_type=product&#038;p=20405"},"modified":"2021-09-03T21:03:20","modified_gmt":"2021-09-03T21:03:20","slug":"mil-egesi","status":"publish","type":"product","link":"https:\/\/korogluhirdavat.com.tr\/?product=mil-egesi","title":{"rendered":"Mil E\u011fesi"},"content":{"rendered":"<p>&gt; \u00c7elik \u015fekillendirmede ya da keskin kenarlar\u0131 yenile<br \/>\nmek i\u00e7in kullan\u0131lan genel ama\u00e7l\u0131 t\u00f6rpu\u0308lerdir.<br \/>\n&gt; Ku\u0308rek, kep\u00e7e, \u00e7apa gibi kaz\u0131y\u0131c\u0131 aletleri bilemek i\u00e7in,<br \/>\nparlatma ve torna u\u0308zerindeki \u00e7apaklar\u0131 almak i\u00e7in<br \/>\nidealdir.<\/p>\n","protected":false},"excerpt":{"rendered":"<p>&gt; \u00c7elik \u015fekillendirmede ya da keskin kenarlar\u0131 yenile mek i\u00e7in kullan\u0131lan genel ama\u00e7l\u0131 t\u00f6rpu\u0308lerdir. &gt; Ku\u0308rek, kep\u00e7e, \u00e7apa gibi kaz\u0131y\u0131c\u0131 aletleri bilemek i\u00e7in, parlatma ve torna u\u0308zerindeki \u00e7apaklar\u0131 almak i\u00e7in idealdir.<\/p>\n","protected":false},"featured_media":19133,"comment_status":"closed","ping_status":"closed","template":"","meta":[],"product_brand":[],"product_cat":[257,300],"product_tag":[],"class_list":{"0":"post-20405","1":"product","2":"type-product","3":"status-publish","4":"has-post-thumbnail","6":"product_cat-el-aletleri","7":"product_cat-torpuler","9":"first","10":"instock","11":"shipping-taxable","12":"product-type-simple"},"_links":{"self":[{"href":"https:\/\/korogluhirdavat.com.tr\/index.php?rest_route=\/wp\/v2\/product\/20405","targetHints":{"allow":["GET"]}}],"collection":[{"href":"https:\/\/korogluhirdavat.com.tr\/index.php?rest_route=\/wp\/v2\/product"}],"about":[{"href":"https:\/\/korogluhirdavat.com.tr\/index.php?rest_route=\/wp\/v2\/types\/product"}],"replies":[{"embeddable":true,"href":"https:\/\/korogluhirdavat.com.tr\/index.php?rest_route=%2Fwp%2Fv2%2Fcomments&post=20405"}],"wp:featuredmedia":[{"embeddable":true,"href":"https:\/\/korogluhirdavat.com.tr\/index.php?rest_route=\/wp\/v2\/media\/19133"}],"wp:attachment":[{"href":"https:\/\/korogluhirdavat.com.tr\/index.php?rest_route=%2Fwp%2Fv2%2Fmedia&parent=20405"}],"wp:term":[{"taxonomy":"product_brand","embeddable":true,"href":"https:\/\/korogluhirdavat.com.tr\/index.php?rest_route=%2Fwp%2Fv2%2Fproduct_brand&post=20405"},{"taxonomy":"product_cat","embeddable":true,"href":"https:\/\/korogluhirdavat.com.tr\/index.php?rest_route=%2Fwp%2Fv2%2Fproduct_cat&post=20405"},{"taxonomy":"product_tag","embeddable":true,"href":"https:\/\/korogluhirdavat.com.tr\/index.php?rest_route=%2Fwp%2Fv2%2Fproduct_tag&post=20405"}],"curies":[{"name":"wp","href":"https:\/\/api.w.org\/{rel}","templated":true}]}}