{"id":20406,"date":"2021-09-03T21:03:14","date_gmt":"2021-09-03T21:03:14","guid":{"rendered":"https:\/\/koroglucivata.com\/?post_type=product&#038;p=20406"},"modified":"2021-09-03T21:03:20","modified_gmt":"2021-09-03T21:03:20","slug":"uc-kose-testere-egesi","status":"publish","type":"product","link":"https:\/\/korogluhirdavat.com.tr\/?product=uc-kose-testere-egesi","title":{"rendered":"\u00dc\u00e7 K\u00f6\u015fe Testere E\u011fesi"},"content":{"rendered":"<p>&gt; \u00dc\u00e7 k\u00f6\u015fe kal\u0131n di\u015f 60 derecelik di\u015f a\u00e7\u0131s\u0131yla<br \/>\ntestereleri t\u00f6rpu\u0308lemek amac\u0131yla kullan\u0131l\u0131r.<br \/>\n&gt; \u00dc\u00e7gen \u015feklindedir ve u\u00e7lara do\u011fru biraz<br \/>\nincelir.<br \/>\n&gt; Testerenin di\u015fleriyle kanallar\u0131 aras\u0131nda<br \/>\nt\u00f6rpu\u0308 yapmak i\u00e7in kullan\u0131l\u0131r.<\/p>\n","protected":false},"excerpt":{"rendered":"<p>&gt; \u00dc\u00e7 k\u00f6\u015fe kal\u0131n di\u015f 60 derecelik di\u015f a\u00e7\u0131s\u0131yla testereleri t\u00f6rpu\u0308lemek amac\u0131yla kullan\u0131l\u0131r. &gt; \u00dc\u00e7gen \u015feklindedir ve u\u00e7lara do\u011fru biraz incelir. &gt; Testerenin di\u015fleriyle kanallar\u0131 aras\u0131nda t\u00f6rpu\u0308 yapmak i\u00e7in kullan\u0131l\u0131r.<\/p>\n","protected":false},"featured_media":19134,"comment_status":"closed","ping_status":"closed","template":"","meta":[],"product_brand":[],"product_cat":[257,300],"product_tag":[],"class_list":{"0":"post-20406","1":"product","2":"type-product","3":"status-publish","4":"has-post-thumbnail","6":"product_cat-el-aletleri","7":"product_cat-torpuler","9":"first","10":"instock","11":"shipping-taxable","12":"product-type-simple"},"_links":{"self":[{"href":"https:\/\/korogluhirdavat.com.tr\/index.php?rest_route=\/wp\/v2\/product\/20406","targetHints":{"allow":["GET"]}}],"collection":[{"href":"https:\/\/korogluhirdavat.com.tr\/index.php?rest_route=\/wp\/v2\/product"}],"about":[{"href":"https:\/\/korogluhirdavat.com.tr\/index.php?rest_route=\/wp\/v2\/types\/product"}],"replies":[{"embeddable":true,"href":"https:\/\/korogluhirdavat.com.tr\/index.php?rest_route=%2Fwp%2Fv2%2Fcomments&post=20406"}],"wp:featuredmedia":[{"embeddable":true,"href":"https:\/\/korogluhirdavat.com.tr\/index.php?rest_route=\/wp\/v2\/media\/19134"}],"wp:attachment":[{"href":"https:\/\/korogluhirdavat.com.tr\/index.php?rest_route=%2Fwp%2Fv2%2Fmedia&parent=20406"}],"wp:term":[{"taxonomy":"product_brand","embeddable":true,"href":"https:\/\/korogluhirdavat.com.tr\/index.php?rest_route=%2Fwp%2Fv2%2Fproduct_brand&post=20406"},{"taxonomy":"product_cat","embeddable":true,"href":"https:\/\/korogluhirdavat.com.tr\/index.php?rest_route=%2Fwp%2Fv2%2Fproduct_cat&post=20406"},{"taxonomy":"product_tag","embeddable":true,"href":"https:\/\/korogluhirdavat.com.tr\/index.php?rest_route=%2Fwp%2Fv2%2Fproduct_tag&post=20406"}],"curies":[{"name":"wp","href":"https:\/\/api.w.org\/{rel}","templated":true}]}}