{"id":20429,"date":"2021-09-03T21:03:25","date_gmt":"2021-09-03T21:03:25","guid":{"rendered":"https:\/\/koroglucivata.com\/?post_type=product&#038;p=20429"},"modified":"2021-09-03T21:03:29","modified_gmt":"2021-09-03T21:03:29","slug":"qsb-jh-400-temiz-su-dalgic-pompa","status":"publish","type":"product","link":"https:\/\/korogluhirdavat.com.tr\/?product=qsb-jh-400-temiz-su-dalgic-pompa","title":{"rendered":"QSB-JH-400 Temiz Su Dalg\u0131\u00e7 Pompa"},"content":{"rendered":"<p>400 WATT<br \/>\n700 L\u0130TRE \/ SAAT<br \/>\nDA\u011eITIM Y\u00dcKSEKL\u0130\u011e\u0130 8 METRE<br \/>\nEMME DER\u0130NL\u0130\u011e\u0130 7 METRE<br \/>\nPART\u0130K\u00dcL BOYU 5 MM<br \/>\n10 METRE G\u00dc\u00c7 KABLOSU<\/p>\n","protected":false},"excerpt":{"rendered":"<p>400 WATT 700 L\u0130TRE \/ SAAT DA\u011eITIM Y\u00dcKSEKL\u0130\u011e\u0130 8 METRE EMME DER\u0130NL\u0130\u011e\u0130 7 METRE PART\u0130K\u00dcL BOYU 5 MM 10 METRE G\u00dc\u00c7 KABLOSU<\/p>\n","protected":false},"featured_media":19186,"comment_status":"closed","ping_status":"closed","template":"","meta":[],"product_brand":[],"product_cat":[301,281],"product_tag":[],"class_list":{"0":"post-20429","1":"product","2":"type-product","3":"status-publish","4":"has-post-thumbnail","6":"product_cat-dalgic-pompa","7":"product_cat-makina","9":"first","10":"instock","11":"shipping-taxable","12":"product-type-simple"},"_links":{"self":[{"href":"https:\/\/korogluhirdavat.com.tr\/index.php?rest_route=\/wp\/v2\/product\/20429","targetHints":{"allow":["GET"]}}],"collection":[{"href":"https:\/\/korogluhirdavat.com.tr\/index.php?rest_route=\/wp\/v2\/product"}],"about":[{"href":"https:\/\/korogluhirdavat.com.tr\/index.php?rest_route=\/wp\/v2\/types\/product"}],"replies":[{"embeddable":true,"href":"https:\/\/korogluhirdavat.com.tr\/index.php?rest_route=%2Fwp%2Fv2%2Fcomments&post=20429"}],"wp:featuredmedia":[{"embeddable":true,"href":"https:\/\/korogluhirdavat.com.tr\/index.php?rest_route=\/wp\/v2\/media\/19186"}],"wp:attachment":[{"href":"https:\/\/korogluhirdavat.com.tr\/index.php?rest_route=%2Fwp%2Fv2%2Fmedia&parent=20429"}],"wp:term":[{"taxonomy":"product_brand","embeddable":true,"href":"https:\/\/korogluhirdavat.com.tr\/index.php?rest_route=%2Fwp%2Fv2%2Fproduct_brand&post=20429"},{"taxonomy":"product_cat","embeddable":true,"href":"https:\/\/korogluhirdavat.com.tr\/index.php?rest_route=%2Fwp%2Fv2%2Fproduct_cat&post=20429"},{"taxonomy":"product_tag","embeddable":true,"href":"https:\/\/korogluhirdavat.com.tr\/index.php?rest_route=%2Fwp%2Fv2%2Fproduct_tag&post=20429"}],"curies":[{"name":"wp","href":"https:\/\/api.w.org\/{rel}","templated":true}]}}