{"id":20439,"date":"2021-09-03T21:03:26","date_gmt":"2021-09-03T21:03:26","guid":{"rendered":"https:\/\/koroglucivata.com\/?post_type=product&#038;p=20439"},"modified":"2021-09-03T21:03:30","modified_gmt":"2021-09-03T21:03:30","slug":"mx8116-avuc-taslama-15mm","status":"publish","type":"product","link":"https:\/\/korogluhirdavat.com.tr\/?product=mx8116-avuc-taslama-15mm","title":{"rendered":"MX8116 Avu\u00e7 Ta\u015flama 15MM"},"content":{"rendered":"<p>650 WATT<br \/>\n220 VOLT<br \/>\n1200 DEV\u0130R \/ DAK\u0130KA<br \/>\n115 MM D\u0130SK \u00c7API<\/p>\n","protected":false},"excerpt":{"rendered":"<p>650 WATT 220 VOLT 1200 DEV\u0130R \/ DAK\u0130KA 115 MM D\u0130SK \u00c7API<\/p>\n","protected":false},"featured_media":19223,"comment_status":"closed","ping_status":"closed","template":"","meta":[],"product_brand":[],"product_cat":[246,245],"product_tag":[],"class_list":{"0":"post-20439","1":"product","2":"type-product","3":"status-publish","4":"has-post-thumbnail","6":"product_cat-avuc-taslamalar","7":"product_cat-elektrikli-el-aletleri","9":"first","10":"instock","11":"shipping-taxable","12":"product-type-simple"},"_links":{"self":[{"href":"https:\/\/korogluhirdavat.com.tr\/index.php?rest_route=\/wp\/v2\/product\/20439","targetHints":{"allow":["GET"]}}],"collection":[{"href":"https:\/\/korogluhirdavat.com.tr\/index.php?rest_route=\/wp\/v2\/product"}],"about":[{"href":"https:\/\/korogluhirdavat.com.tr\/index.php?rest_route=\/wp\/v2\/types\/product"}],"replies":[{"embeddable":true,"href":"https:\/\/korogluhirdavat.com.tr\/index.php?rest_route=%2Fwp%2Fv2%2Fcomments&post=20439"}],"wp:featuredmedia":[{"embeddable":true,"href":"https:\/\/korogluhirdavat.com.tr\/index.php?rest_route=\/wp\/v2\/media\/19223"}],"wp:attachment":[{"href":"https:\/\/korogluhirdavat.com.tr\/index.php?rest_route=%2Fwp%2Fv2%2Fmedia&parent=20439"}],"wp:term":[{"taxonomy":"product_brand","embeddable":true,"href":"https:\/\/korogluhirdavat.com.tr\/index.php?rest_route=%2Fwp%2Fv2%2Fproduct_brand&post=20439"},{"taxonomy":"product_cat","embeddable":true,"href":"https:\/\/korogluhirdavat.com.tr\/index.php?rest_route=%2Fwp%2Fv2%2Fproduct_cat&post=20439"},{"taxonomy":"product_tag","embeddable":true,"href":"https:\/\/korogluhirdavat.com.tr\/index.php?rest_route=%2Fwp%2Fv2%2Fproduct_tag&post=20439"}],"curies":[{"name":"wp","href":"https:\/\/api.w.org\/{rel}","templated":true}]}}