{"id":20713,"date":"2021-09-03T21:04:43","date_gmt":"2021-09-03T21:04:43","guid":{"rendered":"https:\/\/koroglucivata.com\/?post_type=product&#038;p=20713"},"modified":"2021-09-03T21:04:45","modified_gmt":"2021-09-03T21:04:45","slug":"mazot-tabancasi","status":"publish","type":"product","link":"https:\/\/korogluhirdavat.com.tr\/?product=mazot-tabancasi","title":{"rendered":"Mazot Tabancas\u0131"},"content":{"rendered":"<p>&gt; Her t\u00fcrl\u00fc mazot p\u00fcsk\u00fcrtme ile temizlik<br \/>\ni\u015flerinde kulan\u0131l\u0131r.<br \/>\n&gt; Hava kompres\u00f6r\u00fc ile beraber kullan\u0131l\u0131r.<\/p>\n","protected":false},"excerpt":{"rendered":"<p>&gt; Her t\u00fcrl\u00fc mazot p\u00fcsk\u00fcrtme ile temizlik i\u015flerinde kulan\u0131l\u0131r. &gt; Hava kompres\u00f6r\u00fc ile beraber kullan\u0131l\u0131r.<\/p>\n","protected":false},"featured_media":19762,"comment_status":"closed","ping_status":"closed","template":"","meta":[],"product_brand":[],"product_cat":[333],"product_tag":[],"class_list":{"0":"post-20713","1":"product","2":"type-product","3":"status-publish","4":"has-post-thumbnail","6":"product_cat-yaglama-ekipmanlari","8":"first","9":"instock","10":"shipping-taxable","11":"product-type-simple"},"_links":{"self":[{"href":"https:\/\/korogluhirdavat.com.tr\/index.php?rest_route=\/wp\/v2\/product\/20713","targetHints":{"allow":["GET"]}}],"collection":[{"href":"https:\/\/korogluhirdavat.com.tr\/index.php?rest_route=\/wp\/v2\/product"}],"about":[{"href":"https:\/\/korogluhirdavat.com.tr\/index.php?rest_route=\/wp\/v2\/types\/product"}],"replies":[{"embeddable":true,"href":"https:\/\/korogluhirdavat.com.tr\/index.php?rest_route=%2Fwp%2Fv2%2Fcomments&post=20713"}],"wp:featuredmedia":[{"embeddable":true,"href":"https:\/\/korogluhirdavat.com.tr\/index.php?rest_route=\/wp\/v2\/media\/19762"}],"wp:attachment":[{"href":"https:\/\/korogluhirdavat.com.tr\/index.php?rest_route=%2Fwp%2Fv2%2Fmedia&parent=20713"}],"wp:term":[{"taxonomy":"product_brand","embeddable":true,"href":"https:\/\/korogluhirdavat.com.tr\/index.php?rest_route=%2Fwp%2Fv2%2Fproduct_brand&post=20713"},{"taxonomy":"product_cat","embeddable":true,"href":"https:\/\/korogluhirdavat.com.tr\/index.php?rest_route=%2Fwp%2Fv2%2Fproduct_cat&post=20713"},{"taxonomy":"product_tag","embeddable":true,"href":"https:\/\/korogluhirdavat.com.tr\/index.php?rest_route=%2Fwp%2Fv2%2Fproduct_tag&post=20713"}],"curies":[{"name":"wp","href":"https:\/\/api.w.org\/{rel}","templated":true}]}}