{"id":20715,"date":"2021-09-03T21:04:44","date_gmt":"2021-09-03T21:04:44","guid":{"rendered":"https:\/\/koroglucivata.com\/?post_type=product&#038;p=20715"},"modified":"2021-09-03T21:04:45","modified_gmt":"2021-09-03T21:04:45","slug":"boya-tabancasi","status":"publish","type":"product","link":"https:\/\/korogluhirdavat.com.tr\/?product=boya-tabancasi","title":{"rendered":"Boya Tabancas\u0131"},"content":{"rendered":"<p>Demir, profil, in\u015faat, kap\u0131, pencere boyama dahil bir k\u0131s\u0131m<br \/>\nmarangoz i\u015flerinde kullan\u0131labilir.<\/p>\n","protected":false},"excerpt":{"rendered":"<p>Demir, profil, in\u015faat, kap\u0131, pencere boyama dahil bir k\u0131s\u0131m marangoz i\u015flerinde kullan\u0131labilir.<\/p>\n","protected":false},"featured_media":19764,"comment_status":"closed","ping_status":"closed","template":"","meta":[],"product_brand":[],"product_cat":[297],"product_tag":[],"class_list":{"0":"post-20715","1":"product","2":"type-product","3":"status-publish","4":"has-post-thumbnail","6":"product_cat-boya","8":"first","9":"instock","10":"shipping-taxable","11":"product-type-simple"},"_links":{"self":[{"href":"https:\/\/korogluhirdavat.com.tr\/index.php?rest_route=\/wp\/v2\/product\/20715","targetHints":{"allow":["GET"]}}],"collection":[{"href":"https:\/\/korogluhirdavat.com.tr\/index.php?rest_route=\/wp\/v2\/product"}],"about":[{"href":"https:\/\/korogluhirdavat.com.tr\/index.php?rest_route=\/wp\/v2\/types\/product"}],"replies":[{"embeddable":true,"href":"https:\/\/korogluhirdavat.com.tr\/index.php?rest_route=%2Fwp%2Fv2%2Fcomments&post=20715"}],"wp:featuredmedia":[{"embeddable":true,"href":"https:\/\/korogluhirdavat.com.tr\/index.php?rest_route=\/wp\/v2\/media\/19764"}],"wp:attachment":[{"href":"https:\/\/korogluhirdavat.com.tr\/index.php?rest_route=%2Fwp%2Fv2%2Fmedia&parent=20715"}],"wp:term":[{"taxonomy":"product_brand","embeddable":true,"href":"https:\/\/korogluhirdavat.com.tr\/index.php?rest_route=%2Fwp%2Fv2%2Fproduct_brand&post=20715"},{"taxonomy":"product_cat","embeddable":true,"href":"https:\/\/korogluhirdavat.com.tr\/index.php?rest_route=%2Fwp%2Fv2%2Fproduct_cat&post=20715"},{"taxonomy":"product_tag","embeddable":true,"href":"https:\/\/korogluhirdavat.com.tr\/index.php?rest_route=%2Fwp%2Fv2%2Fproduct_tag&post=20715"}],"curies":[{"name":"wp","href":"https:\/\/api.w.org\/{rel}","templated":true}]}}