{"id":20723,"date":"2021-09-03T21:04:44","date_gmt":"2021-09-03T21:04:44","guid":{"rendered":"https:\/\/koroglucivata.com\/?post_type=product&#038;p=20723"},"modified":"2021-09-03T21:04:46","modified_gmt":"2021-09-03T21:04:46","slug":"testere-kolu","status":"publish","type":"product","link":"https:\/\/korogluhirdavat.com.tr\/?product=testere-kolu","title":{"rendered":"Testere Kolu"},"content":{"rendered":"<p>&gt; 20x10x1 mm kal\u0131nl\u0131\u011f\u0131nda profil.<br \/>\n&gt; Kopilya\u0131 a\u011f\u0131z de\u011fi\u015ftirme modeli.<br \/>\n&gt; Uzun \u00f6m\u00fcrl\u00fc elektrostatik f\u0131r\u0131n boya.<br \/>\n&gt; Polypropilen plastik sap.<\/p>\n","protected":false},"excerpt":{"rendered":"<p>&gt; 20x10x1 mm kal\u0131nl\u0131\u011f\u0131nda profil. &gt; Kopilya\u0131 a\u011f\u0131z de\u011fi\u015ftirme modeli. &gt; Uzun \u00f6m\u00fcrl\u00fc elektrostatik f\u0131r\u0131n boya. &gt; Polypropilen plastik sap.<\/p>\n","protected":false},"featured_media":19772,"comment_status":"closed","ping_status":"closed","template":"","meta":[],"product_brand":[],"product_cat":[257,263],"product_tag":[],"class_list":{"0":"post-20723","1":"product","2":"type-product","3":"status-publish","4":"has-post-thumbnail","6":"product_cat-el-aletleri","7":"product_cat-kesici-aletler","9":"first","10":"instock","11":"shipping-taxable","12":"product-type-simple"},"_links":{"self":[{"href":"https:\/\/korogluhirdavat.com.tr\/index.php?rest_route=\/wp\/v2\/product\/20723","targetHints":{"allow":["GET"]}}],"collection":[{"href":"https:\/\/korogluhirdavat.com.tr\/index.php?rest_route=\/wp\/v2\/product"}],"about":[{"href":"https:\/\/korogluhirdavat.com.tr\/index.php?rest_route=\/wp\/v2\/types\/product"}],"replies":[{"embeddable":true,"href":"https:\/\/korogluhirdavat.com.tr\/index.php?rest_route=%2Fwp%2Fv2%2Fcomments&post=20723"}],"wp:featuredmedia":[{"embeddable":true,"href":"https:\/\/korogluhirdavat.com.tr\/index.php?rest_route=\/wp\/v2\/media\/19772"}],"wp:attachment":[{"href":"https:\/\/korogluhirdavat.com.tr\/index.php?rest_route=%2Fwp%2Fv2%2Fmedia&parent=20723"}],"wp:term":[{"taxonomy":"product_brand","embeddable":true,"href":"https:\/\/korogluhirdavat.com.tr\/index.php?rest_route=%2Fwp%2Fv2%2Fproduct_brand&post=20723"},{"taxonomy":"product_cat","embeddable":true,"href":"https:\/\/korogluhirdavat.com.tr\/index.php?rest_route=%2Fwp%2Fv2%2Fproduct_cat&post=20723"},{"taxonomy":"product_tag","embeddable":true,"href":"https:\/\/korogluhirdavat.com.tr\/index.php?rest_route=%2Fwp%2Fv2%2Fproduct_tag&post=20723"}],"curies":[{"name":"wp","href":"https:\/\/api.w.org\/{rel}","templated":true}]}}